{"id":103,"date":"2007-02-27T11:56:14","date_gmt":"2007-02-27T09:56:14","guid":{"rendered":"http:\/\/www.fleischwurst.net\/?page_id=103"},"modified":"2015-01-14T09:54:03","modified_gmt":"2015-01-14T09:54:03","slug":"recorded-in-the-field-by-various-artists","status":"publish","type":"page","link":"https:\/\/www.gruenrekorder.de\/?page_id=103","title":{"rendered":"Recorded in the field by&#8230; | Various Artists"},"content":{"rendered":"<p><img decoding=\"async\" title=\"Recorded in the field by... | Various Artists | Gruen 033 | Audio CD\" src=\"https:\/\/www.gruenrekorder.de\/Photos\/recorded_in_the_field_by..._cover.jpg\" alt=\"Recorded in the field by... | Various Artists | Gruen 033 | Audio CD\" border=\"1\" \/><\/p>\n<p>&nbsp;<\/p>\n<p><strong>Recorded in the field by&#8230; | Various Artists<\/strong><\/p>\n<p>Gruen 033 | Audio CD &gt; [<span style=\"color: #ff0000;\">Sold Out<\/span>]<\/p>\n<p>Field Recording Series 01<br \/>\n<a href=\"#reviews\">Reviews<\/a><\/p>\n<p>&nbsp;<\/p>\n<p><strong>01 <\/strong><strong>Aaron Ximm \/ United States of America<\/strong><\/p>\n<p><a title=\"MP3\" href=\"https:\/\/www.gruenrekorder.de\/mp3\/three_sides_of_the_avilas.aaron_ximm.gruenrekorder033.mp3\" target=\"_blank\">MP3<\/a><\/p>\n<p>&#8222;Three sides of the Avilas&#8220;<\/p>\n<p>Recorded in Guantanamo, Cuba, 2004<\/p>\n<p>&nbsp;<\/p>\n<p><img decoding=\"async\" title=\"Aaron Ximm\" src=\"https:\/\/www.gruenrekorder.de\/Photos\/recorded_in_the_field_by\/ximm01.JPG\" alt=\"Aaron Ximm\" \/><\/p>\n<p>&nbsp;<\/p>\n<p>a) the backyard soundscape of Jesus Avilla;<\/p>\n<p>b) the sound of Jesus&#8216; brother-in-law trying to fix a broken radio with the meagre gear he has at his disposal;<\/p>\n<p>c) the sound of Julio&#8217;s mother singing a lamenting song in her livingroom during a party.<\/p>\n<p>&nbsp;<\/p>\n<p><strong>02 <\/strong><strong>Chris Watson \/ United Kindom<\/strong><\/p>\n<p>&#8222;by Kelso dunes&#8220; (temperature 45 C)<\/p>\n<p>Recorded in the Mojave Desert, USA, 2005<\/p>\n<p>Published by Touch Music [MCPS]<\/p>\n<p><a title=\"www.chriswatson.net\" href=\"http:\/\/www.chriswatson.net\/\" target=\"_blank\">www.chriswatson.net<\/a><\/p>\n<p>&nbsp;<\/p>\n<p><strong>03 Costa Gr\u00f6hn \/ Germany<\/strong><\/p>\n<p>&#8222;k\u00f6nigskoppel&#8220;<\/p>\n<p>Recorded between Todesfelde and Seth, Germany, 2005<\/p>\n<p>The track &#8222;K\u00f6nigskoppel&#8220; was recorded on a field between two northern German villages on an evening in January 2005.<\/p>\n<p>&nbsp;<\/p>\n<p><strong>04 Costa Gr\u00f6hn \/ Germany<\/strong><\/p>\n<p>&#8222;parkplatz&#8220; (parking lot)<\/p>\n<p>Recorded in Kassel, Germany, 2004<\/p>\n<p>The recording &#8222;Parkplatz (parking lot)&#8220; was produced after a concert in June 2004.<\/p>\n<p>&nbsp;<\/p>\n<p><strong>05 Dallas Simpson \/ United Kingdom<\/strong><\/p>\n<p><a title=\"MP3\" href=\"https:\/\/www.gruenrekorder.de\/mp3\/the_valley_of_crows.dallas_simpson.gruenrekorder033.mp3\" target=\"_blank\">MP3<\/a><\/p>\n<p>&#8222;The Valley of Crows&#8220; (extract)<\/p>\n<p>Recorded in Lambley Dumbles, Nottinghamshire, United Kingdom, 1999<\/p>\n<p>&nbsp;<\/p>\n<p><img decoding=\"async\" title=\"Dallas Simpson\" src=\"https:\/\/www.gruenrekorder.de\/Photos\/recorded_in_the_field_by\/simpson2.JPG\" alt=\"Dallas Simpson\" \/><\/p>\n<p>&nbsp;<\/p>\n<p>Part of a long 1hr 10 minute study of this beautiful small wooded valley near the village of Lambley in Nottinghamshire (UK) at sunrise. For part of this recording I walked down the bed of the small stream running at the bottom of the valley, mastering trees and bushes fallen across the stream. The birds are actually rooks in a large rookery gathered in a tree canopy, but I preferred the name &#8222;crows&#8220; in the title, which has a softer more pastoral feel.<\/p>\n<p>&nbsp;<\/p>\n<p><strong>06 Daniel Knef \/ Germany<\/strong><\/p>\n<p>&#8222;Gangway by Night&#8220;<\/p>\n<p>Recorded in Koblenz at Deutsches Eck, Germany, 2005<\/p>\n<p>&nbsp;<\/p>\n<p><img decoding=\"async\" title=\"Daniel Knef\" src=\"https:\/\/www.gruenrekorder.de\/Photos\/recorded_in_the_field_by\/knef1.JPG\" alt=\"Daniel Knef\" \/><\/p>\n<p>&nbsp;<\/p>\n<p>&#8222;A gangway recorded at Deutsches Eck (Koblenz, Germany) in August, 2005 at night, nearly no water movement, moderate breeze. You listen to the first 90 seconds of a 5 minute field recording. For about 22 seconds the gangway produces long, nearly static sounds and after a short pause rhythmically stuttering sounds for 40 seconds.<\/p>\n<p>&nbsp;<\/p>\n<p><strong>07 Derek Holzer \/ United States of America<\/strong><\/p>\n<p>&#8222;Monte Alegre Lago at Dusk&#8220;<\/p>\n<p>Recorded near the town of Monte Alegre (Par\u00e1), Brazil, 2003<\/p>\n<p>I spent the month of August 2003 in Brazil, astounded by the sounds around me and deeply frustrated with the equipment I had brought along with me. This sunset canoe ride through a lagoon on the Amazon River, near the town of Monte Alegre (Par\u00e1), survived as one of the best recordings of that month. Now, listening back, it strikes me almost as some kind of microsonic, electroacoustic composition, and I am reminded of Xenakis&#8216; obsession with the mysterious patterns inside the movement of crowds, the falling of rain, and the communication of animals.<\/p>\n<p>&nbsp;<\/p>\n<p><strong>08 Gabi Schaffner \/ Germany<\/strong><\/p>\n<p>&#8222;Boiling Mud Pot&#8220;<\/p>\n<p>Recorded in Myvatn, Iceland, 2002<\/p>\n<p>&nbsp;<\/p>\n<p><img decoding=\"async\" title=\"Gabi Schaffner\" src=\"https:\/\/www.gruenrekorder.de\/Photos\/recorded_in_the_field_by\/schaffner1.JPG\" alt=\"Gabi Schaffner\" \/><\/p>\n<p>&nbsp;<\/p>\n<p>About 4 to 5 thin poles, connected to each other by a weatherworn nylon string, mark the securitiy zone around the famous mud springs of Myvatn. I wrapped cotton balls around the microphones and threw them &#8211; just like a fisherman throws his hook &#8211; beyond the barrier, pressed the button and waited for the sounds to be caught.<\/p>\n<p>&nbsp;<\/p>\n<p><strong>09 Gabi Schaffner \/ Germany<\/strong><\/p>\n<p><a title=\"MP3\" href=\"https:\/\/www.gruenrekorder.de\/mp3\/candidate_in_a_singing_contest_among_icelands_youngsters.gabi_schaffner.gruenrekorder033.mp3\" target=\"_blank\">MP3<\/a><\/p>\n<p>&#8222;Candidate in a singing contest among Iceland&#8217;s youngsters&#8220;<\/p>\n<p>Recorded in Reykjavik, Iceland, 2002<\/p>\n<p>There was a huge crowd attending the singing contest. Old men and women coughed and wheezed into the microphone delivering enigmatic alliteration rhymes, much cheered by the audience. Countless children were led onto the podium to sing one or two verses taken from the vast stock of ancient Icelandic folklore. Feedbacks screeched and tormented the ears each time the technician tried to amplify the feeblest of those voices. But the audience was in a sparkling mood and everybody seemed to have a great time.<\/p>\n<p>&nbsp;<\/p>\n<p><strong>10 [sic] (Jen Morris) \/ Canada<\/strong><\/p>\n<p>&#8222;Niagara Falls&#8220;<\/p>\n<p>Recorded in Niagara Falls, Canada, 2003<\/p>\n<p>&nbsp;<\/p>\n<p><img decoding=\"async\" title=\"[sic] (Jen Morris)\" src=\"https:\/\/www.gruenrekorder.de\/Photos\/recorded_in_the_field_by\/morris3.jpg\" alt=\"[sic] (Jen Morris)\" \/><\/p>\n<p>&nbsp;<\/p>\n<p>After having surreptitiously passed the tunnel that lies only meters behind the roaring Niagara falls in Canada, it did not take long until I got spotted by the unwelcoming hordes. Their screams responding like a Greek chorus against the echoing walls were fortuitously captured for posterity resulting in the recording that follows.<\/p>\n<p>&nbsp;<\/p>\n<p><strong>11 Lasse-Marc Riek \/ Germany<\/strong><\/p>\n<p>&#8222;Gefangene Flederm\u00e4use&#8220;<\/p>\n<p>(bats caught in a tube) Recorded between Preetz and Kiel, Germany, 2003<\/p>\n<p>&nbsp;<\/p>\n<p><img decoding=\"async\" title=\"Lasse-Marc Riek\" src=\"https:\/\/www.gruenrekorder.de\/Photos\/recorded_in_the_field_by\/riek1.jpg\" alt=\"Lasse-Marc Riek\" \/><\/p>\n<p>&nbsp;<\/p>\n<p>The recording was made in 2003 in a forest near Kiel (Germany) where waterbats were being caught with large net-traps. The bats were caught with finely woven nets, especially manufactured for that purpose, to determine their number, species and behavior patterns. After being gathered in a pvc pipe and analysed, the bats were released again.<\/p>\n<p>&nbsp;<\/p>\n<p><strong>12 Lasse-Marc Riek \/ Germany<\/strong><\/p>\n<p>&#8222;K\u00fcstenv\u00f6gel in D\u00fcnen&#8220;<\/p>\n<p>(coastal birds in dunes) Recorded on Isle of Amrum, Germany, 2004<\/p>\n<p>&nbsp;<\/p>\n<p><img decoding=\"async\" title=\"Lasse-Marc Riek\" src=\"https:\/\/www.gruenrekorder.de\/Photos\/recorded_in_the_field_by\/riek3.jpg\" alt=\"Lasse-Marc Riek\" \/><\/p>\n<p>&nbsp;<\/p>\n<p>This recording was made in 2004 in the dunes of Amrum. In a pond amidst the dunes there were innumerable territorial species of birds, among them various species of ducks.<\/p>\n<p>&nbsp;<\/p>\n<p><strong>13 Maksim Shentelev \/ Latvia<\/strong><\/p>\n<p><a title=\"MP3\" href=\"https:\/\/www.gruenrekorder.de\/mp3\/boudhnath_stupa_prayer_wheel.maksim_shentelev.gruenrekorder033.mp3\" target=\"_blank\">MP3<\/a><\/p>\n<p>&#8222;Boudhnath stupa_prayer wheel&#8220;<\/p>\n<p>Recorded in Katmandu, Nepal, 2004<\/p>\n<p>&nbsp;<\/p>\n<p><img decoding=\"async\" title=\"Maksim Shentelev\" src=\"https:\/\/www.gruenrekorder.de\/Photos\/recorded_in_the_field_by\/schentelev2.JPG\" alt=\"Maksim Shentelev\" \/><\/p>\n<p>&nbsp;<\/p>\n<p>Evening. A small room with candles and a prayer wheel on a side of the giant stupa. An old man inside is keeping candles light, he\u2019s singing quietly. Time and again Mantis enters the room, turns the wheel, goes around the room and leaves through the same door turning the wheel once again. The bell is attached to the wheel. Since its dark outside candlelight is the only light in the room.<\/p>\n<p>&nbsp;<\/p>\n<p><strong>14 Maksim Shentelev \/ Latvia<\/strong><\/p>\n<p>&#8222;Insects in old tree&#8220;<\/p>\n<p>Recorded in Mooste, Estonia, 2004<\/p>\n<p>&nbsp;<\/p>\n<p><img decoding=\"async\" title=\"Maksim Shentelev\" src=\"https:\/\/www.gruenrekorder.de\/Photos\/recorded_in_the_field_by\/schentelev1.JPG\" alt=\"Maksim Shentelev\" \/><\/p>\n<p>&nbsp;<\/p>\n<p>Piezo stereo recording of insects moving inside the sear tree (ambience outside the trunk is audiable as well).<\/p>\n<p>&nbsp;<\/p>\n<p><strong>15 Dronaement (Marcus Obst) \/ Germany<\/strong><\/p>\n<p>&#8222;Waterbeat&#8220;<\/p>\n<p>Recorded in Crottendorf Heide, Germany, 2004<\/p>\n<p>&nbsp;<\/p>\n<p><img decoding=\"async\" title=\"Marcus Obst\" src=\"https:\/\/www.gruenrekorder.de\/Photos\/recorded_in_the_field_by\/obst1.JPG\" alt=\"Marcus Obst\" \/><\/p>\n<p>&nbsp;<\/p>\n<p>The locality was a small underground pipe about 2 meters below the ground you could enter through a manhole. A stereo-microphone was attached in the pipe close to the water. Unfortunately, I did not experience those rhythms again despite visiting the place several times.<\/p>\n<p>&nbsp;<\/p>\n<p><strong>16 triPhaze (Marek Brandt) \/ Germany<\/strong><\/p>\n<p>&#8222;Bienenhaus mit Helikopter&#8220;<\/p>\n<p>(beehive with helicopter) Recorded in Leipzig, Germany, 2002 Recorded on a sunny day in a white house with hundreds of bees. A helicopter secured the American consulat nearby. (Leipzig, Germany)<\/p>\n<p>&nbsp;<\/p>\n<p><strong>17 Robert Curgenven \/ Australia<\/strong><\/p>\n<p><a title=\"MP3\" href=\"https:\/\/www.gruenrekorder.de\/mp3\/a_quiet_night_at_home_in_the_shed.robert_curgenven.gruenrekorder033.mp3\" target=\"_blank\">MP3<\/a><\/p>\n<p>&#8222;a quiet night at home in the shed&#8220;<\/p>\n<p>Recorded outside Katherine, Northern Territory, Australia, 2005 |<\/p>\n<p>&nbsp;<\/p>\n<p><img decoding=\"async\" title=\"Robert Curgenven\" src=\"https:\/\/www.gruenrekorder.de\/Photos\/recorded_in_the_field_by\/curgenven1.JPG\" alt=\"Robert Curgenven\" \/><\/p>\n<p>&nbsp;<\/p>\n<p>On the fringes of a town of 8.000, on the edge of Australia&#8217;s tropical north with the desert some 200kms south, the heat and humidity that goes with, living in a 12&#215;9 metres shed means silence is something you never really hear. Crickets, cicadas, geckos, bats, passing cars and of course the wavering overtones from the ceiling fans keep the air alive in the &#8222;house&#8220; as the outside comes in.<\/p>\n<p>&nbsp;<\/p>\n<p><strong>18 Roland Etzin \/ Germany<\/strong><\/p>\n<p>&#8222;on the bus&#8220;<\/p>\n<p>Recorded in F\u00fcssen-Ost Allg\u00e4u, Germany, 2005<\/p>\n<p>&nbsp;<\/p>\n<p><img decoding=\"async\" title=\"Roland Etzin\" src=\"https:\/\/www.gruenrekorder.de\/Photos\/recorded_in_the_field_by\/on_the_bus.JPG\" alt=\"Roland Etzin\" \/><\/p>\n<p>&nbsp;<\/p>\n<p>Sitting quietly among a crowd of talking heads.<\/p>\n<p>&nbsp;<\/p>\n<p><strong>19 Yannick Dauby \/ France<\/strong><\/p>\n<p>&#8222;Behind the Fuyang Community Forest&#8220;<\/p>\n<p>Recorded in Taipei, Taiwan, 2005<\/p>\n<p>&nbsp;<\/p>\n<p><img decoding=\"async\" title=\"Yannick Dauby\" src=\"https:\/\/www.gruenrekorder.de\/Photos\/recorded_in_the_field_by\/dauby1.JPG\" alt=\"Yannick Dauby\" \/><\/p>\n<p>&nbsp;<\/p>\n<p>Information about this phonography :<\/p>\n<p><a title=\"http:\/\/www.kalerne.net\/fuyang\" href=\"http:\/\/www.kalerne.net\/fuyang\" target=\"_blank\">www.kalerne.net\/fuyang<\/a><\/p>\n<p>&nbsp;<\/p>\n<hr size=\"2\" width=\"100%\" \/>\n<p>&nbsp;<\/p>\n<p>19 Tracks (77&#8217;59&#8220;)<\/p>\n<p>CD (500 copies)<\/p>\n<p>&nbsp;<\/p>\n<p>Credits:<\/p>\n<p>Katrin Hoedemacker (translation support)<\/p>\n<p>Tamy Harutoonian (translation support)<\/p>\n<p>Tobias Schmitt (artwork &#8211; <a title=\"www.acrylnimbus.de\" href=\"http:\/\/www.acrylnimbus.de\/\" target=\"_blank\">www.acrylnimbus.de<\/a>)<\/p>\n<p>Mit Unterst\u00fctzung der Stadt Frankfurt am Main \/ Amt f\u00fcr Wissenschaft und Kunst<\/p>\n<p><a title=\"Stadt Frankfurt am Main, Amt f\u00fcr Wissenschaft und Kunst\" href=\"http:\/\/www.kultur-frankfurt.de\/\" target=\"_blank\">www.kultur-frankfurt.de<\/a><\/p>\n<p>Gruenrekorder \/ Germany \/ 2006 \/ Gruen\u00a0033 \/ LC 09488 \/ GEMA<\/p>\n<p>&nbsp;<\/p>\n<hr size=\"2\" width=\"100%\" \/>\n<p>&nbsp;<\/p>\n<p><a name=\"reviews\"><\/a><strong>Reviews<\/strong><\/p>\n<p>&nbsp;<\/p>\n<p><strong> 01 Vital Weekly\/Frans de Waard ::<\/strong><\/p>\n<p>RECORDED IN THE FIELD BY&#8230; (CD compilation by Gruenrekorder)<\/p>\n<p>On &#8218;Recorded In The Field By&#8230;&#8216; there are nineteen tracks by well-known people such as Chris Watson and Yannick Dauby, to lesser known ones as Derek Holzer, Dronaement, [sic] to the majority of people I never heard of as Aaron Ximm, Dallas Simpson, Gabi Schaffner, Maksim Shentelev and people behind the label such as Lasse-Marc Riek and Costa Gr\u00f6hn. Each of the pieces is described in the booklet, which is probably the nicest thing about it. It gives the listener the idea that it&#8217;s not just a random set of recordings, but actually a part of a bigger whole, cut out and made into a composition. Which is nice, since I believe all of these pieces have no electronic treatment afterwards. Besides the usual wind and water recordings, there is also a short piece of children singing or the tunnel sounds behind the Niagara Waterfalls. All in all quite a nice compilation.<\/p>\n<p><a title=\"Vital Weekly\/Frans de Waard\" href=\"http:\/\/www.vitalweekly.net\/520.html\" target=\"_blank\">link<\/a><\/p>\n<p>&nbsp;<\/p>\n<p><strong>02 Brainwashed | &#8222;Recorded in the Field by&#8230;&#8220;<\/strong><\/p>\n<p>Written by John Kealy<\/p>\n<p>Friday, 16 June 2006<\/p>\n<p><a href=\"http:\/\/brainwashed.com\/index.php?option=com_content&amp;task=view&amp;id=5058&amp;Itemid=64\" target=\"_blank\">link<\/a><\/p>\n<p>Field recording isn\u2019t just pointing a microphone at your scene of choice and hitting record. There is a skill in capturing the atmosphere and life of the moment and allowing a listener to recreate the scene in their mind in vivid Technicolor. All of the artists featured on Recorded in the Field by&#8230; have this skill in spades.<\/p>\n<p>&nbsp;<\/p>\n<p>The variety of recordings included on this album is a treat for the ears. The 19 vignettes document a wide array of environmental, natural and human situations. Of course there\u2019s the token recording of crows too. I\u2019m convinced to become an official field recording artist you have to make at least one recording of a murder of crows. Dallas Simpson\u2019s &#8222;The Valley of the Crows&#8220; is a better than expected variation on this theme. There\u2019s only so much that can be done with crow calls but some recordings have more ambience than others and this is one such case. Far more interesting is &#8222;K\u00fcstenv\u00f6gel in D\u00fcnen&#8220; by Lasse -Marc Riek, a recording of many different species of coastal birds. It is a beautifully clear recording and evokes pleasant memories for me of going birdwatching on the beach.<\/p>\n<p>&nbsp;<\/p>\n<p>Most of the recordings make great use of space. Some give the feeling of being right there in the middle of what is being recorded. The best piece is undoubtedly Dronaement\u2019s &#8222;Waterbeat&#8220; which is the sound of gurgling water in a pipe recorded very closely. It is claustrophobic but intensely pleasurable. On the other hand, &#8222;Niagara Falls&#8220; by [sic] reduces the mammoth intensity of the mighty waterfall to a tinny rumble. It is a nice touch to reduce something so big and earthly to a sound so thin and otherworldly. As expected, Chris Watson\u2019s contribution, &#8222;By Kelso Dunes,&#8220; is a masterclass in creative recording. His is the only track without any notes accompanying it so I don\u2019t know what exactly it is but it sounds hot and dusty.<\/p>\n<p>&nbsp;<\/p>\n<p>The wealth of wonderful recordings on Recorded in the Field by&#8230; made me want to listen to the album dozens of times. I could spend hours getting lost in the individual tracks. A lot of traditional ideas such as the humming of bees are turned on their head or at the very least shaken up a little, in the case of the bees the sound of a helicopter in the distance acts as a comment to man\u2019s engineering versus nature\u2019s engineering. I find that the more straightforward a field recording is, the duller it is. Little twists like this adds a spark of excitement to the piece.<\/p>\n<p>&nbsp;<\/p>\n<p>This is one of the most enjoyable and fascinating collections of field recordings I\u2019ve heard in a while. There is no piece that approaches even the remotest outposts of boring. It\u2019s rare to find a compilation of any type of music without a dud track but I feel that Recorded in the Field by&#8230; is a damn fine assembly of sounds.<\/p>\n<p>&nbsp;<\/p>\n<p>samples:<\/p>\n<p>* Chris Watson<\/p>\n<p><a title=\"By Kelso Dunes\" href=\"http:\/\/brainwashed.com\/common\/sounds\/mp3\/recorded_in_the_field_by-by_kelso_dunes.mp3\" target=\"_blank\">By Kelso Dunes<\/a><\/p>\n<p>* Lasse-Marc Riek<\/p>\n<p><a title=\"K\u00fcstenv\u00f6gel in D\u00fcnen\" href=\"http:\/\/brainwashed.com\/common\/sounds\/mp3\/recorded_in_the_field_by-kuestenvoegal_in_duenen.mp3\" target=\"_blank\">K\u00fcstenv\u00f6gel in D\u00fcnen<\/a><\/p>\n<p>* Dronaement<\/p>\n<p><a title=\"Waterbeat\" href=\"http:\/\/brainwashed.com\/common\/sounds\/mp3\/recorded_in_the_field_by-waterbeat.mp3\" target=\"_blank\">Waterbeat<\/a><\/p>\n<p>&nbsp;<\/p>\n<p><strong>03 Quietnoise | Tobias Bolt<\/strong><\/p>\n<p>Field Recordings, und um diese geht es dem in Frankfurt stationierten Gruenrekorder Label vornehmlich, sind Ausschnitte aus der Wirklichkeit, aus dem Kontext getrennte Realit\u00e4tsfragmente. Diese k\u00f6nnen nun weiter ver- und bearbeitet werden oder, quasi unber\u00fchrt, ohne weitere Verfremdung f\u00fcr sich alleine stehen &#8211; und so also als Sample im engeren bzw. Musikinstrument im weiteren Sinn verwendet und geh\u00f6rt werden. Auf dem Sampler \u00bbRecorded in the field by &#8230;\u00ab finden sich nun ausschlie\u00dflich unbearbeitete Field Recordings, treffender vermutlich unter dem Begriff Phonographien subsumiert. Zu jeden Track gibt es Hintergrundinformationen zumindest im Bezug auf die Aufnahmelocation sowie fakultativ eine kurze erkl\u00e4rende Beschreibung zum Zustandekommen des St\u00fccks. Die Zusammenstellung birgt dabei klassische Soundscapes, wie beispielsweise Chris Watsons Aufnahme aus der Mojave W\u00fcste, allt\u00e4gliches von Costa Gr\u00f6hn, der sich in Deutschlands Provinz auf H\u00fcgel und Parkpl\u00e4tze setzt oder auch Soundwalks durch dichte W\u00e4lder und Kanufahrten am Amazonas. Ebenso ins abstrakte Detail wird gezoomt, ein fast schon klassisches Beispiel sind die Schlammpots in der N\u00e4he des Myvatn-Sees in Island, aufgenommen von Gabi Schaffner, die auch einen sehr gelungenen Ausschnitt aus einem Singing Contest beisteuert &#8211; und bei mir die Frage aufwirft, ob Bootlegs eigentlich eine Subspezies von Field Recordings darstellen.<\/p>\n<p><a title=\"Quietnoise | Tobias Bolt\" href=\"http:\/\/www.quietnoise.org\/main.php?mode=r&amp;id=55&amp;arc=curr\" target=\"_blank\">link<\/a><\/p>\n<p>&nbsp;<\/p>\n<p><strong>04 testcard | Martin B\u00fcsser<\/strong><\/p>\n<p>Field Recordings haben Einzug in zahlreiche Formen der zeitgen\u00f6ssischen Pop-Produktion gefunden, die konkreten Kl\u00e4nge werden dort jedoch meist nur als dekorative Beigabe eingeflochten. Selten jedoch belassen es K\u00fcnstler dabei, ihre Field Recordings unbearbeitet zu ver\u00f6ffentlichen. Genau das war allerdings das Anliegen dieses Samplers, f\u00fcr den die einzelnen Teilnehmer (u.a. Chris Watson, Derek Holzer, Gabi Schaffner, Robert Curgenven und Yannick Dauby) Aufnahmen einreichen sollten, bei denen bereits die Feldaufnahme an sich klanglich \u00fcberzeugt. Und das ist in vielen F\u00e4llen sogar gelungen, gleichg\u00fcltig ob man das Ergebnis nun als Musik oder einfach nur als Ger\u00e4uschkulisse bezeichnen mag. Wir h\u00f6ren unter anderem &#8211; sehr atmosph\u00e4risch &#8211; weit entfernte Kirchenglocken, eine klappernde Laufplanke am Deutschen Eck in Koblenz, ein isl\u00e4ndisches Kind, die bei einem Gesangswettbewerb vorsingt, das monoton l\u00e4rmende Ger\u00e4usch der Niagara-F\u00e4lle, aufgenommen aus einem nahe gelegenen Tunnel und immer wieder: Insekten, Wasser- und Naturger\u00e4usche. Manchmal kann es von Vorteil sein, wenn die Musik verstummt und andere Ger\u00e4usche den Raum erf\u00fcllen. Ein ambitioniertes Projekt, das an keiner Stelle in Esoterik abdriftet.<\/p>\n<p><a href=\"http:\/\/testcard.de\/tc16.html\" target=\"_blank\">link<\/a><\/p>\n<p>&nbsp;<\/p>\n<p><strong>05 EAR\/Rational | Don Poe<\/strong><\/p>\n<p>This is a really diverse field recording disc &#8211; my favorite track was a recording of a gangway at night &#8211; some massively big metal booms &#8211; That held my interest and made me notice. Other tracks here are more of the ambience direction &#8211; night time recordings of lakes with bugs, frogs and so on. One track, the very first one, has a woman singing, obviously very happy, but odd to find on a field recording as I normally think of nature, but someone singing in their kitchen is just as valid! There is also a cute recording &#8211; very short! &#8211; of a kid at a public recital singing. Then, it goes straight into a recording near Niagra Falls that sounds like water hitting a large sheet of metal, or air escaping from a valve. As I said, very diverse!<\/p>\n<p><a href=\"http:\/\/www.ear-rational.com\/detail.php?id=39633&amp;searchparm=gruenrekorder&amp;order=&amp;offset=40\" target=\"_blank\">link<\/a><\/p>\n<p>&nbsp;<\/p>\n<p><strong>06 <a href=\"http:\/\/www.void.gr\/absurd\" target=\"_blank\">www.void.gr\/absurd<\/a> | <\/strong><strong>nicolas<\/p>\n<p><\/strong><\/p>\n<p>[&#8230;] \u03bb?\u03b3\u03bf \u03c0\u03b9\u03bf \u03c0?\u03c1\u03b1 \u03b7 \u03ba\u03bf\u03b9\u03bb?\u03b4\u03b1 \u03ba\u03b1\u03b9 \u03b7 \u03c3\u03c0\u03b7\u03bb\u03b9?\u03c2 \u03c4\u03b7\u03c2 \u03ba\u03b1\u03c4\u03b1\u03b2?\u03b8\u03c1\u03b1\u03c2. \u03ba\u03b1\u03b8?\u03bc\u03b1\u03c3\u03c4\u03b5 \u03ba\u03b1\u03b9 \u03c6\u03c4\u03b9?\u03c7\u03bd\u03bf\u03c5\u03bc\u03b5 \u03ba\u03b1\u03c6?\u03b4\u03b5\u03c2 \u03b1\u03bd\u03b1\u03c0\u03bf\u03bb?\u03bd\u03c4\u03b1\u03c2 \u03c4\u03b7 \u03b2?\u03bb\u03c4\u03b1 \u03c0\u03bf\u03c5 \u03c0\u03c1\u03b9\u03bd \u03bb?\u03b3\u03bf \u03b6?\u03c3\u03b1\u03bc\u03b5.. \u03c0\u03c9\u03c2 ?\u03bc\u03bf\u03b9\u03b1\u03b6\u03b5 \u03c3\u03c4\u03bf\u03bd \u03ba\u03b1\u03b8?\u03bd\u03b1; \u03bc?\u03bb\u03bb\u03bf\u03bd \u03c3\u03c5\u03bb\u03bb\u03bf\u03b3? \u03b5\u03bd\u03c4\u03c5\u03c0?\u03c3\u03b5\u03c9\u03bd \u03c0\u03c1?\u03c0\u03b5\u03b9 \u03bd\u03b1 \u03ba?\u03bd\u03bf\u03c5\u03bc\u03b5, \u03c7\u03bc, ?\u03c3\u03c9\u03c2 \u03ba?\u03c4\u03b9 \u03c3\u03b1 \u03c4\u03bf recorded in the field by cd \u03c3\u03c5\u03bb\u03bb\u03bf\u03b3? \u03c4\u03b7\u03c2 \u03b3\u03b5\u03c1\u03bc\u03b1\u03bd\u03b9\u03ba?\u03c2 gruenrekorder (<a href=\"https:\/\/www.gruenrekorder.de\/\" target=\"_blank\"><span class=\"moz-txt-link-abbreviated\">www.gruenrekorder.de<\/span><\/a>) \u03bc\u03b5 ?\u03c7\u03bf\u03c5\u03c2 \u03b1\u03c0? \u03b4\u03b9?\u03c6\u03bf\u03c1\u03b1 \u03c3\u03b7\u03bc\u03b5?\u03b1 \u03c4\u03bf\u03c5 \u03c0\u03bb\u03b1\u03bd?\u03c4\u03b7 \u03bc\u03b1\u03c2 ?\u03c0\u03c9\u03c2 \u03c4\u03b1 \u03b2?\u03c9\u03c3\u03b1\u03bd \u03c4?\u03c0\u03bf\u03b9 \u03c3\u03b1\u03bd \u03c4\u03bf\u03bd aaron ximm, chris watson, dallas simpson, droaeement, yannick dauby, lasse &#8211; marc riek, \u03ba.\u03b1. \u03bc\u03bf\u03bd\u03b1\u03b4\u03b9\u03ba? \u03ba\u03b1\u03b9 \u03c0\u03b1\u03bd?\u03bc\u03bf\u03c1\u03c6\u03b7, ?\u03c3\u03c9\u03c2 \u03ba\u03b1\u03b9 ?\u03bd\u03b1\u03c2 \u03ba\u03b1\u03bb?\u03c2 \u03bf\u03b4\u03b7\u03b3?\u03c2 \u03b3\u03b9\u03b1 \u03b1\u03c1\u03c7?\u03c1\u03b9\u03bf\u03c5\u03c2 \u03c3\u03c4\u03bf \u03b5?\u03b4\u03bf\u03c2 \u03b1\u03ba?\u03bc\u03b1. [&#8230;]<\/p>\n<p><a href=\"http:\/\/www.tranzistor.gr\/index.php?option=com_content&amp;task=view&amp;id=2527&amp;Itemid=157\" target=\"_blank\">link<\/a><\/p>\n","protected":false},"excerpt":{"rendered":"<p>&nbsp; Recorded in the field by&#8230; | Various Artists Gruen 033 | Audio CD &gt; [Sold Out] Field Recording Series 01 Reviews &nbsp; 01 Aaron Ximm \/ United States of America MP3 &#8222;Three sides of the Avilas&#8220; Recorded in Guantanamo, Cuba, 2004 &nbsp; &nbsp; a) the backyard soundscape of Jesus Avilla; b) the sound of [&hellip;]<\/p>\n","protected":false},"author":3,"featured_media":0,"parent":0,"menu_order":0,"comment_status":"open","ping_status":"open","template":"","meta":{"ngg_post_thumbnail":0,"footnotes":""},"class_list":["post-103","page","type-page","status-publish","hentry"],"_links":{"self":[{"href":"https:\/\/www.gruenrekorder.de\/index.php?rest_route=\/wp\/v2\/pages\/103","targetHints":{"allow":["GET"]}}],"collection":[{"href":"https:\/\/www.gruenrekorder.de\/index.php?rest_route=\/wp\/v2\/pages"}],"about":[{"href":"https:\/\/www.gruenrekorder.de\/index.php?rest_route=\/wp\/v2\/types\/page"}],"author":[{"embeddable":true,"href":"https:\/\/www.gruenrekorder.de\/index.php?rest_route=\/wp\/v2\/users\/3"}],"replies":[{"embeddable":true,"href":"https:\/\/www.gruenrekorder.de\/index.php?rest_route=%2Fwp%2Fv2%2Fcomments&post=103"}],"version-history":[{"count":3,"href":"https:\/\/www.gruenrekorder.de\/index.php?rest_route=\/wp\/v2\/pages\/103\/revisions"}],"predecessor-version":[{"id":13472,"href":"https:\/\/www.gruenrekorder.de\/index.php?rest_route=\/wp\/v2\/pages\/103\/revisions\/13472"}],"wp:attachment":[{"href":"https:\/\/www.gruenrekorder.de\/index.php?rest_route=%2Fwp%2Fv2%2Fmedia&parent=103"}],"curies":[{"name":"wp","href":"https:\/\/api.w.org\/{rel}","templated":true}]}}