{"id":12219,"date":"2014-08-22T23:40:04","date_gmt":"2014-08-22T23:40:04","guid":{"rendered":"http:\/\/www.gruenrekorder.de\/?page_id=12219"},"modified":"2014-08-22T23:43:02","modified_gmt":"2014-08-22T23:43:02","slug":"louis-sarno-2","status":"publish","type":"page","link":"https:\/\/www.gruenrekorder.de\/?page_id=12219","title":{"rendered":"Louis Sarno"},"content":{"rendered":"<p><img decoding=\"async\" title=\"Louis Sarno\" src=\"https:\/\/www.gruenrekorder.de\/Photos\/louis_s.jpg\" alt=\"Louis Sarno\" border=\"1\" \/><\/p>\n<p>&nbsp;<\/p>\n<p><strong>Louis Sarno<\/strong><br \/>\ngeboren 1954 in New Jersey, genie\u00dft als Musikologe weltweite Anerkennung. Sein beeindrucken des Lebenswerk umfasst weit \u00fcber 1000 Stunden Aufnahmen von Ges\u00e4ngen und Musikst\u00fccken, die bei den Bayaka oft bereits verschwunden sind. Sarno geh\u00f6rt zu den fr\u00fchen Meistern der \u201eakustischen \u00d6kologie\u201d, die sich auf die Suche nach sogenannten soundscapes machen, erhaltenswerten Kl\u00e4ngen der Welt. Seine Aufnahmen sind archiviert in der Bibliothek des Pitt Rivers Museums der University of Oxford.<br \/>\nSchon als Kind schl\u00e4gt Louis Sarnos Herz f\u00fcr die Musik. Von seinem Taschengeld kauft er Platten von Bach, Beethoven, Schubert und Mahler. Am College studiert er Englisch und Literatur und teilt seine Leidenschaft f\u00fcr experimentelle Musik mit seinem Zimmergenossen Jim Jarmusch, dessen Filme Dead Man (1995) und Ghost Dog (1999) sp\u00e4ter von Sarnos au\u00dfergew\u00f6hnlichem Lebensweg inspiriert werden.<br \/>\nEnde der Siebzigerjahre heiratet Sarno eine Holl\u00e4nderin und zieht nach Amsterdam. Die Ehe h\u00e4lt nicht. In einer Winternacht Mitte der Achtzigerjahre h\u00f6rt er im holl\u00e4ndischen Radio eine Musik, wie er sie nie zuvor vernommen hat: \u201eEin polyphones Geflecht aus Frauenstimmen, raffinierte Jodellaute, eine sich endlos wiederholende auf- und abschwellende Melodie. Diese fremdartigen Harmonien machten mir G\u00e4nsehaut, sie wirkten hypnotisch auf mich \u2013 pure Magie.\u201c<br \/>\nDer Gesang aus dem Radio l\u00e4sst Sarno keine Ruhe. Er forscht nach, findet heraus, dass er Pygm\u00e4enmusik geh\u00f6rt hat \u2013 und steigt mit seinem Aufnahmeger\u00e4t und den letzten 500 Dollar in der Tasche in ein Flugzeug nach Bangui, Hauptstadt der Zentralafrikanischen Republik.<br \/>\n\u201eIch wurde von einem Lied ins Herz von Afrika gelockt\u201c, schreibt Sarno in seinem Buch Der Gesang des Waldes. Louis findet seine Musik in den Regenw\u00e4ldern des Kongobeckens. Bei den Bayaka. Das war 1985. Heute, mehr als ein Vierteljahrhundert sp\u00e4ter, lebt er noch immer unter den Pygm\u00e4en: \u201eSie f\u00fchrten mich in ihre Musik ein, im Gegenzug verlangten sie mein Leben. Ich denke, das ist ein fairer Tausch.\u201c<br \/>\nSchon bald nach seiner Ankunft bei den Bayaka geht Sarno das Geld aus. Wochenlang f\u00fcttern ihn die J\u00e4ger und Sammler mit gekochten Kaulquappen, die wie Schlamm schmecken, w\u00e4hrend sie ihr ger\u00f6stetes Stachelschwein und die in Blut gekochten Antilopen-Innereien heimlich selbst verspeisen. Doch Sarno reist nicht ab. Und so erschlie\u00dfen sich ihm ganz allm\u00e4hlich immer neue Lebenskreise der Bayaka: n\u00e4chtliche Gesangs- und Tanzrituale zu Geburt, Initiation und Tod, die Beschw\u00f6rung der Waldgeister, die Jagd, die komplexen Hierarchien und Verwandtschaftsbeziehungen. Er sp\u00fcrt, dass er keine Wahl mehr hat: Er muss bleiben.<br \/>\nWie besessen zeichnet Sarno die Musik der Bayaka auf. Tuning the world \u2013 die Welt einstellen, sie stimmen wie ein Klavier. Irgendwann geht sein Rekorder kaputt. Er kauft sich keinen neuen. Zuerst aus Geldmangel. Dann braucht er keinen mehr. Denn als er aufh\u00f6rt, die fremde Welt mit seinen Aufnahmen bannen zu wollen, geht er vollends in ihr auf. \u201eDie l\u00e4ngste Zeit meines Lebens habe ich bei den Bayaka verbracht\u201c, sagt Sarno heute. \u201eSie sind meine Familie, der Regenwald ist mein Zuhause.\u201c<\/p>\n<p>&nbsp;<\/p>\n<p><strong>Gruenrekorder:<\/strong><br \/>\nSELECTED RECORDINGS OF BAYAKA MUSIC BY LOUIS SARNO: &#8222;<a href=\"https:\/\/www.gruenrekorder.de\/?page_id=12205\">SONG FROM THE FOREST: THE SOUNDTRACK<\/a>&#8220; (Gruen 150\/14)<\/p>\n","protected":false},"excerpt":{"rendered":"<p>&nbsp; Louis Sarno geboren 1954 in New Jersey, genie\u00dft als Musikologe weltweite Anerkennung. Sein beeindrucken des Lebenswerk umfasst weit \u00fcber 1000 Stunden Aufnahmen von Ges\u00e4ngen und Musikst\u00fccken, die bei den Bayaka oft bereits verschwunden sind. Sarno geh\u00f6rt zu den fr\u00fchen Meistern der \u201eakustischen \u00d6kologie\u201d, die sich auf die Suche nach sogenannten soundscapes machen, erhaltenswerten Kl\u00e4ngen [&hellip;]<\/p>\n","protected":false},"author":3,"featured_media":0,"parent":0,"menu_order":0,"comment_status":"closed","ping_status":"open","template":"","meta":{"ngg_post_thumbnail":0,"footnotes":""},"class_list":["post-12219","page","type-page","status-publish","hentry"],"_links":{"self":[{"href":"https:\/\/www.gruenrekorder.de\/index.php?rest_route=\/wp\/v2\/pages\/12219","targetHints":{"allow":["GET"]}}],"collection":[{"href":"https:\/\/www.gruenrekorder.de\/index.php?rest_route=\/wp\/v2\/pages"}],"about":[{"href":"https:\/\/www.gruenrekorder.de\/index.php?rest_route=\/wp\/v2\/types\/page"}],"author":[{"embeddable":true,"href":"https:\/\/www.gruenrekorder.de\/index.php?rest_route=\/wp\/v2\/users\/3"}],"replies":[{"embeddable":true,"href":"https:\/\/www.gruenrekorder.de\/index.php?rest_route=%2Fwp%2Fv2%2Fcomments&post=12219"}],"version-history":[{"count":4,"href":"https:\/\/www.gruenrekorder.de\/index.php?rest_route=\/wp\/v2\/pages\/12219\/revisions"}],"predecessor-version":[{"id":12224,"href":"https:\/\/www.gruenrekorder.de\/index.php?rest_route=\/wp\/v2\/pages\/12219\/revisions\/12224"}],"wp:attachment":[{"href":"https:\/\/www.gruenrekorder.de\/index.php?rest_route=%2Fwp%2Fv2%2Fmedia&parent=12219"}],"curies":[{"name":"wp","href":"https:\/\/api.w.org\/{rel}","templated":true}]}}