{"id":14630,"date":"2016-01-14T23:03:06","date_gmt":"2016-01-14T23:03:06","guid":{"rendered":"http:\/\/www.gruenrekorder.de\/?page_id=14630"},"modified":"2016-01-14T23:07:46","modified_gmt":"2016-01-14T23:07:46","slug":"nikola-lutz-deutsch","status":"publish","type":"page","link":"https:\/\/www.gruenrekorder.de\/?page_id=14630","title":{"rendered":"Nikola Lutz \u2013 Deutsch"},"content":{"rendered":"<p><img decoding=\"async\" title=\"Nikola Lutz\" alt=\"Nikola Lutz\" src=\"https:\/\/www.gruenrekorder.de\/Photos\/n.lutz.jpg\" border=\"1\" \/><\/p>\n<p>&nbsp;<\/p>\n<p><strong>Nikola Lutz<\/strong><br \/>\nStudierte Saxofon in Bordeaux und Stuttgart und hat sich als Saxofonistin f\u00fcr Neue und experimentelle Musik einen Namen gemacht. Zahlreiche Urauff\u00fchrungen markieren ihr konstantes Interesse an kreativer Literaturentwicklung f\u00fcr das Saxofon. Seit 2006 ist sie Dozentin f\u00fcr klassisches Saxofon an der Hochschule f\u00fcr Musik und Darstellende Kunst Stuttgart. 2010 wurde sie mit dem 1. Preis und dem Publikumspreis beim internationalen Saxofonwettbewerb in Paris ausgezeichnet.<br \/>\nNeben ihrer regen Konzertt\u00e4tigkeit besch\u00e4ftigt sich Nikola Lutz mit elektronischer Komposition und setzt sich mit M\u00f6glichkeiten der Erweiterung des Instrumentariums durch Elektronik auseinander. In ihren Klangskulpturen zwischen komponierter und improvisierter Neuer Musik \u00fcberlagern sich elektronische und akustische Klangwelten und finden zu neuen \u00e4sthetischen Ber\u00fchrungspunkten. Ihr besonders Interesse gilt dabei interdisziplin\u00e4ren Konzeptionen wie z.B. in ihrer Werkreihe \u201eGraphicSound\u201c, wo sie sich mit grafischen Partituren sowie modifizierten Vinyl-Rohlingen mit audiovisueller Wahrnehmung und Klangkonzeption auseinandersetzt.<br \/>\n2013 begann sie neben dem Saxofon auch das osteurop\u00e4ische Volksinstrument \u201eT\u00e1rogat\u00f3\u201c zu spielen und arbeitet seither an der Entstehung einer neuen Literatur f\u00fcr dieses Instrument. Tourneen mit klassischer und experimenteller Musik f\u00fchrten sie durch die USA, China, Brasilien, Russland, Indien und europ\u00e4ische L\u00e4nder. 2015 wurde Nikola Lutz Mitgr\u00fcnderin und 1. Vorsitzende des \u201eStuttgarter Kollektivs f\u00fcr aktuelle Musik\u201c.<\/p>\n<p>&nbsp;<\/p>\n<p><a href=\"http:\/\/www.nikolalutz.de\/\" target=\"_blank\">www.nikolalutz.de<\/a><\/p>\n<p>&nbsp;<\/p>\n<p><strong>Gruenrekorder:<\/strong><br \/>\nInvading Pleasures (Nikola Lutz &#038; <a href=\"https:\/\/www.gruenrekorder.de\/?page_id=9782\">Mark Lorenz Kysela<\/a>): \u201c<a href=\"https:\/\/www.gruenrekorder.de\/?page_id=14449\">Infinite Jest<\/a>\u201d (Gruen 156\/15)<\/p>\n","protected":false},"excerpt":{"rendered":"<p>&nbsp; Nikola Lutz Studierte Saxofon in Bordeaux und Stuttgart und hat sich als Saxofonistin f\u00fcr Neue und experimentelle Musik einen Namen gemacht. Zahlreiche Urauff\u00fchrungen markieren ihr konstantes Interesse an kreativer Literaturentwicklung f\u00fcr das Saxofon. Seit 2006 ist sie Dozentin f\u00fcr klassisches Saxofon an der Hochschule f\u00fcr Musik und Darstellende Kunst Stuttgart. 2010 wurde sie mit [&hellip;]<\/p>\n","protected":false},"author":3,"featured_media":0,"parent":0,"menu_order":0,"comment_status":"closed","ping_status":"closed","template":"","meta":{"ngg_post_thumbnail":0,"footnotes":""},"class_list":["post-14630","page","type-page","status-publish","hentry"],"_links":{"self":[{"href":"https:\/\/www.gruenrekorder.de\/index.php?rest_route=\/wp\/v2\/pages\/14630","targetHints":{"allow":["GET"]}}],"collection":[{"href":"https:\/\/www.gruenrekorder.de\/index.php?rest_route=\/wp\/v2\/pages"}],"about":[{"href":"https:\/\/www.gruenrekorder.de\/index.php?rest_route=\/wp\/v2\/types\/page"}],"author":[{"embeddable":true,"href":"https:\/\/www.gruenrekorder.de\/index.php?rest_route=\/wp\/v2\/users\/3"}],"replies":[{"embeddable":true,"href":"https:\/\/www.gruenrekorder.de\/index.php?rest_route=%2Fwp%2Fv2%2Fcomments&post=14630"}],"version-history":[{"count":3,"href":"https:\/\/www.gruenrekorder.de\/index.php?rest_route=\/wp\/v2\/pages\/14630\/revisions"}],"predecessor-version":[{"id":14633,"href":"https:\/\/www.gruenrekorder.de\/index.php?rest_route=\/wp\/v2\/pages\/14630\/revisions\/14633"}],"wp:attachment":[{"href":"https:\/\/www.gruenrekorder.de\/index.php?rest_route=%2Fwp%2Fv2%2Fmedia&parent=14630"}],"curies":[{"name":"wp","href":"https:\/\/api.w.org\/{rel}","templated":true}]}}