{"id":155,"date":"2007-06-27T00:34:20","date_gmt":"2007-06-26T22:34:20","guid":{"rendered":"http:\/\/www.gruenrekorder.de\/?page_id=155"},"modified":"2022-09-30T09:38:14","modified_gmt":"2022-09-30T09:38:14","slug":"neuklang-kirchenlied-various-artists","status":"publish","type":"page","link":"https:\/\/www.gruenrekorder.de\/?page_id=155","title":{"rendered":"Neuklang Kirchenlied | Various Artists"},"content":{"rendered":"<p><img decoding=\"async\" title=\"Artwork | Tobias Pahlke\" src=\"https:\/\/www.gruenrekorder.de\/Photos\/neuklang-kirchenlied-cover.jpg\" alt=\"Artwork | Tobias Pahlke\" border=\"1\" \/><\/p>\n<p>&nbsp;<\/p>\n<p align=\"left\"><strong>Neuklang Kirchenlied | Various Artists<\/strong><\/p>\n<p align=\"left\">Gruen 051 | Audio CD &gt; [<a href=\"https:\/\/shop.gruenrekorder.de\/?full#Gruen_051\" target=\"_blank\" rel=\"noopener\">order<\/a>]<\/p>\n<p align=\"left\">The contemporary interpretation of hymns is brought into focus by the project Neuklang Kirchenlied.<\/p>\n<p align=\"left\"><a href=\"#reviews\">Reviews<\/a><\/p>\n<p>&nbsp;<\/p>\n<p>German bands and solo artists bring old hymns into contemporary music. The spectrum ranges from jazz to pop, from rock and metal to acoustic art. An essential part of the concept is that text and melody are preserved. The tradition of hymns is a living one and variation has always been part of it. The remixes of this project bring more variation to it.<\/p>\n<p>&nbsp;<\/p>\n<p>Tracklist:<\/p>\n<p align=\"left\">01.<strong>\u00a0\u00a0 arbeit<\/strong> &#8222;O Haupt voll Blut und Wunden&#8220;<\/p>\n<p align=\"left\">02.\u00a0<strong>\u00a0 L\u00fc\u00fcl<\/strong> &#8222;Es kommt ein Schiff, geladen&#8220;<\/p>\n<p align=\"left\">03.\u00a0<strong>\u00a0 Joni &amp; Joni<\/strong> &#8222;So nimm meine H\u00e4nde&#8220;<\/p>\n<p align=\"left\">04.\u00a0<strong>\u00a0 Workshop<\/strong> &#8222;Herr, gib mir Mut zum Br\u00fccken bauen&#8220;<\/p>\n<p align=\"left\">05.<strong>\u00a0\u00a0 Die Praktikanten<\/strong> &#8222;Der Mond ist aufgegangen&#8220;<\/p>\n<p align=\"left\">06.\u00a0<strong>\u00a0 A.R.S.<\/strong> &#8222;Wach auf, mein Herz, und singe&#8220;<\/p>\n<p align=\"left\">07.<strong>\u00a0\u00a0 Der Bote<\/strong> &#8222;Es ist ein Schnitter, hei\u00dft der Tod&#8220;<\/p>\n<p align=\"left\">08.<strong>\u00a0\u00a0 Snubnose<\/strong> &#8222;Befiehl du deine Wege&#8220;<\/p>\n<p align=\"left\">09.<strong>\u00a0\u00a0 Zeitblom feat. Hitomi Makino<\/strong> &#8222;O Heiland, rei\u00df die Himmel auf&#8220;<\/p>\n<p align=\"left\">10.<strong>\u00a0\u00a0 Nicolas Weiser<\/strong> &#8222;Die ganze Welt, Herr Jesu Christ&#8220;<\/p>\n<div align=\"left\"><\/div>\n<div align=\"left\"><\/div>\n<p>&nbsp;<\/p>\n<p align=\"left\">01.<\/p>\n<p><a href=\"https:\/\/www.gruenrekorder.de\/mp3\/arbeit-o_haupt_voll_blut_und_wunden.mp3\">MP3<\/a><\/p>\n<p align=\"left\">05.<\/p>\n<p align=\"left\"><a href=\"https:\/\/www.gruenrekorder.de\/mp3\/die_praktikanten-der_mond_ist_aufgegangen.mp3\">MP3<\/a><\/p>\n<p>06.<\/p>\n<p align=\"left\"><a href=\"https:\/\/www.gruenrekorder.de\/mp3\/ars-wach_auf_mein_herz_und_singe.mp3\">MP3<\/a><\/p>\n<p>&nbsp;<\/p>\n<p align=\"left\">10 Tracks (37&#8217;44&#8220;)<br \/>\nCD (2000 copies)<\/p>\n<p>&nbsp;<\/p>\n<p align=\"left\"><a href=\"http:\/\/www.neuklang-kirchenlied.de\/\" target=\"_blank\" rel=\"noopener\">www.neuklang-kirchenlied.de<\/a><\/p>\n<p>&nbsp;<\/p>\n<p align=\"left\">Sound Art Series by Gruenrekorder<\/p>\n<p align=\"left\">Gruenrekorder \/ Germany \/ 2007 \/ Gruen 051 \/ LC 09488<\/p>\n<p>&nbsp;<\/p>\n<hr size=\"2\" width=\"100%\" \/>\n<p>&nbsp;<\/p>\n<p><a name=\"reviews\"><\/a><strong>Reviews<\/strong><\/p>\n<p>&nbsp;<\/p>\n<p align=\"left\"><strong>01 Dietrich Kreller in: Nordelbische Kirchenzeitung 39<br \/>\n<\/strong>Kirchenlieder &#8211; aufgeb\u00fcrstet<\/p>\n<p>Sie sind vertraut, sie klingen je nach Lebensituation unterschiedlich, mal tr\u00f6stlich, mal aufregend. Sie verwandeln sich unter der Begleitung eines inspirierten Kantors zu mitrei\u00dfenden Schlagern &#8211; oft werden sie auch nur abgesungen, unverstanden, fremd geworden in Melodie, Rhytmus und Bedeutung. Als Kirchenlieder wie &#8222;Befiehl du deine Wege&#8220; oder &#8222;O Heiland rei\u00df die Himmel auf&#8220; entstanden, waren ihre Sch\u00f6pfer sprachlich und musikalisch auf der H\u00f6he ihrer Zeit, ihnen gelang die Transformation des Alltagslebens in die kirchliche Kultur. Constantin Gr\u00f6hn, Theologe und Musiker aus Hamburg, ist mit seinem Projekt &#8222;Neuklang Kirchenlied&#8220; den umgekehrten Weg gegangen. Gr\u00f6hn hat zehn Musikgruppen und Solok\u00fcnstler aufgefordert, Kirchenlieder wieder in die gegenw\u00e4rtige Musikkultur zu \u00fcbertragen. Jetzt nageln elektronische Hammerschl\u00e4ge den Christus noch einmal akustisch ans Kreuz bei &#8222;O Haupt voll Blut und Wunden&#8220; &#8211; mit harmlos-lockeren Reggae-Rhytmen wird der Mond des Matthias Claudius besungen, doch der Gottesbezug entf\u00e4llt kurzerhand mal: Im Namen aller sollen sich die Br\u00fcder jetzt niederlegen &#8211; eine sympathische Utopie &#8211; Grund, das in vielen and\u00e4chtigen Momenten gl\u00e4nzend gewordene Verst\u00e4ndnis des alten Schlagers gedanklich aufzub\u00fcrsten. Die alten wahren Lieder kommen in ihren neuen Klangkost\u00fcmen ganz unverbraucht, manchmal irritierend (sch\u00f6n), mal mit Humor und spielerischer Freiheit daher. Humor &#8211; Freiheit: gute Idee: gekauft &#8211; f\u00fcr 14,90 Euro bei <a href=\"https:\/\/www.gruenrekorder.de\/shop\/#Gruen_051\" target=\"_blank\" rel=\"noopener\">www.gruenrekorder.de<\/a> oder <a href=\"http:\/\/www.chrismon-shop.de\/\" target=\"_blank\" rel=\"noopener\">www.chrismon-shop.de<\/a>.<\/p>\n<p>&nbsp;<\/p>\n<p><strong>02 Constanze Alpen in: SZENE Hamburg<\/strong><\/p>\n<p>Alles ist erlaubt<\/p>\n<p>Deutsche Kirchenlieder rufen bei jungen Leuten nicht gerade Begeisterungsst\u00fcrme hervor. Constantin Gr\u00f6hn hat es sich zur Aufgabe gemacht, diesen Zustand ein f\u00fcr allemal zu \u00e4ndern. Legte er fr\u00fcher selbst experimentelle Elektrosounds in bekannten Hamburger Locations wie der Astra-Stube oder Schilleroper auf, so versuchte er sich nun mit Hilfe verschiedener K\u00fcnstler und Bands an der \u00dcbersetzung deutscher Kirchenlieder in zeitgen\u00f6ssischer Musik. Die Genres sind breit gef\u00e4chert &#8211; das Ergebnis auch. Sehr \u00fcberzeugend ist die Umsetzung der alten St\u00fccke in Rock und Metal, bei denen die leicht verstaubten Texte den Kompositionen sogar noch einen eigenen Charme verleihen. Doch bei einigen St\u00fccken zeigt sich auch, dass zu viel Experimentierfreude dem Sound nicht unbedingt gut tut. Aber Reinh\u00f6ren ist in jedem Fall ein Versuch wert.<\/p>\n<p><a href=\"http:\/\/www.neuklang-kirchenlied.de\/\" target=\"_blank\" rel=\"noopener\">www.neuklang-kirchenlied.de<\/a><\/p>\n<p>&nbsp;<\/p>\n<p align=\"left\"><strong>03 DE:BUG. Magazin f\u00fcr elektronische Lebensaspekte 116<\/strong><\/p>\n<p>Ich bin normalerweise ein gro\u00dfer Fan konzeptioneller Alben, aber diese leicht industrielle Neubearbeitung von Kirchenliedern ist mir vom ersten Moment an zu gothic. Und aus einer CD nur herauszuziehen, was f\u00fcr ein brutales Schlachtfeld eine Religion ist, ist mir dann doch einfach zu wenig. bleed **<\/p>\n<p>&nbsp;<\/p>\n<p align=\"left\"><strong>04 <\/strong><strong>Kundenrezension Amazon, 1_Advokat<\/strong><\/p>\n<p>Dieser Sampler ist ein absoluter Geheimtipp! Die zehn auf ihm versammelten (mir vorher eher unbekannten) Bands bieten \u00e4u\u00dferst gelungene Neuvertonungen traditioneller Kirchenlieder. Dass die Stilrichtungen dabei von Reggae (&#8222;Der Mond ist aufgegangen&#8220; von &gt;Die Praktikanten&lt;) \u00fcber eher poppig\/folkig (&#8222;Es kommt ein Schiff geladen&#8220; &gt;L\u00fc\u00fcl&lt; oder &#8222;So nimm meine H\u00e4nde&#8220; von &gt;Joni &amp; Joni&lt;) bis hin zu Alternative (&#8222;Es ist ein Schnitter, hei\u00dft der Tod&#8220; von &gt;Der Bote&lt; oder &#8222;Befiehl du deine Wege&#8220; von &gt;Snubnose&lt;) reichen, ist ein besonders gro\u00dfes Plus. Einige St\u00fccke sind etwas experimenteller, aber nichtsdestoweniger absolut h\u00f6renswert (so besonders &#8222;O Haupt voll Blut und Wunden&#8220; der Gruppe &gt;arbeit&lt;). Da in allen Interpretationen die traditonellen Weisen beibehalten wurden, passen die Lieder trotz der verschiedenen Stile sehr gut zusammen und lassen sich hintereinanderweg h\u00f6ren; die CD ist daher eine sch\u00f6ne, reiche Inspirationsquelle f\u00fcr ruhige und nachdenkliche Momente und absolut empfehlenswert.<\/p>\n<p>&nbsp;<\/p>\n<p align=\"left\"><strong>05 Der Medienkonverter<\/strong><\/p>\n<p align=\"left\">Als Kind habe ich mich beim sonnt\u00e4glichen Kirchgang immer wieder gefragt, ob der liebe Gott \u00fcber die stets gleiche musikalische Darbietung einer stimmlich meist wenig gesegneten Gemeinde wirklich erfreut ist oder sich nicht eher entnervt die Ohren zuh\u00e4lt. Vielleicht hat sich Constantin Gr\u00f6hn, Vikar und Elektronikmusiker aus Hamburg, irgendwann die gleiche Frage gestellt und deshalb 10 K\u00fcnstler um eine Neuinterpretation altbekannter Kirchenlieder gebeten &#8211; ich wei\u00df es nicht. Wie dem auch sei, das Ergebnis &#8222;Neuklang Kirchenlied&#8220; liegt nun in schlichter Aufmachung vor mir und ich bin gespannt, was den Beteiligten, die mir im \u00fcbrigen allesamt unbekannt sind, zum Thema geistliche Musik eingefallen ist.<\/p>\n<p align=\"left\">Und &#8211; wow &#8211; der Opener &#8222;Oh Haupt voll Blut und Wunden&#8220; des Frankfurter Projekts arbeit rei\u00dft mich buchst\u00e4blich hinein in die CD und in ein d\u00fcsteres Hinrichtungsszenario. Die fast nur auf den Gesang reduzierte Fassung des an sich schon bedr\u00fcckenden Textes wird von brutalen Schl\u00e4gen unterbrochen, die schon vor 2000 Jahren die Kreuzigung Jesu begleitet haben k\u00f6nnten. Ein wahrhaft beeindruckendes Werk. Leider wird man schon beim n\u00e4chsten Titel wieder in&#8217;s Hier und Heute zur\u00fcckgeholt. L\u00fc\u00fcl bewegt sich mit dem gitarrenbegleiteten &#8222;Es kommt ein Schiff geladen&#8220; gesanglich auf dem Niveau engagierter aber untalentierter Stra\u00dfenmusikanten, die zur Weihnachtszeit um milde Gaben bitten. Eigentlich unglaublich, da\u00df Lutz Ulbrich, der Mann hinter L\u00fc\u00fcl, anno 2004 den deutschen Schallplattenpreis f\u00fcr sein letztes Album bekommen hat, aber gut, das steht hier nicht zur Debatte. Ebenfalls nicht \u00fcberzeugen k\u00f6nnen mich Joni und Joni mit dem braven, 60er-Jahre-Flower-Power geschw\u00e4ngerten &#8222;So nimm meine H\u00e4nde&#8220;, wenn auch die Gesangsleistung in Ordnung geht. Extravagant gehen dagegen Workshop die Sache an. Fast schon industrialm\u00e4\u00dfig kommt &#8222;Herr, gib mir Mut zum Br\u00fccken bauen&#8220; daher. Die piepsende, verzerrte Stimme ist zwar Geschmackssache, aber Kai Althoff und Stephan Abry beweisen damit immerhin Mut zum Experiment. Dagegen verbreiten Die Praktikanten mit Akkordeon und Akustikgitarre bei &#8222;Der Mond ist aufgegangen&#8220; biedere Lagerfeuer-Weltjugendtagsromantik. Ganz leise mit den klassischen Instrumenten Kontrabass, Saxophon und Fl\u00f6ten in Verbindung mit einem harmonischen Duett erklingt danach &#8222;Wach auf, mein Herz, und singe&#8220; des Trios A.R.S., bevor Der Bote mahnt &#8222;Es ist ein Schnitter, hei\u00dft der Tod&#8220;. Man merkt diesem Song deutlich an, da\u00df mit Boris Delic ein Mann am Werk ist, der sonst in einer Rammstein-Coverband (Feuerengel) am Mikro steht. Harte Riffs schneiden abrupt, jedoch gekonnt melodi\u00f6se Passagen ab. Eine sehr passende Interpretation des Liedes aus dem Jahre 1638. Ebenfalls gitarrenlastig, aber mehr in die alternative Ecke gehend, rocken sich Snubnose durch das alterw\u00fcrdige &#8222;Befiehl du deiner Wege&#8220;. Anschlie\u00dfend folgt das genaue Gegenteil, Zeitblom&#8217;s elektronische, auf jegliche Perussions verzichtende Fassung von &#8222;Oh Heiland, rei\u00df die Himmel auf&#8220;, zart eingesungen von der Japanerin Hitomi Makino. Die wohl au\u00dfergew\u00f6hnlichste Arbeit steuert Nicolas Weiser zum Schlu\u00df bei. Text und Melodie von &#8222;Die ganze Welt, Herr Jesu Christ&#8220; werden beinahe bis zur Unkenntlichkeit verfremdet und sparsam mit k\u00fcnstlichen Ger\u00e4uschen unterlegt.<\/p>\n<p>Ich kann nat\u00fcrlich nicht sagen, welche Songs der CD beim lieben Gott auf Wohlwollen sto\u00dfen, meine Favoriten sind jedoch ganz klar die Beitr\u00e4ge von arbeit, Der Bote und Zeitblom feat. Hitomi Makino. Die restlichen Tracks bewegen sich in dem weiten Feld zwischen interessant und banal, was eine Bewertung nicht ganz einfach macht. Angesichts der Tatsache, da\u00df nur die obengenannten 3 Songs wirklich hervorstechen, scheint mir eine Punktezahl leicht oberhalb des Durchschnitts angebracht.<\/p>\n<p>P.S. Zu beziehen ist die CD \u00fcbrigens neben dem Label auch \u00fcber den Buchhandel bzw. das evangelische Magazin chrismon, welches das Projekt unterst\u00fctzt hat. <a href=\"http:\/\/www.chrismon-shop.de\" target=\"_blank\" rel=\"noopener\">www.chrismon-shop.de<\/a><\/p>\n<p>P.P.S. Da es in unserem Genreverzeichnis die Kategorie &#8222;Kirchenmusik&#8220; nicht gibt, habe ich mich f\u00fcr das am ehesten passende Genre Experimental entschieden.<\/p>\n<p align=\"left\"><a href=\"http:\/\/www.medienkonverter.de\/kritik.php4?id=2497\" target=\"_blank\" rel=\"noopener\">www.medienkonverter.de<\/a><\/p>\n<p>&nbsp;<\/p>\n<p align=\"left\"><strong>06 Tokafi | By Tobias Fischer<\/strong><\/p>\n<p align=\"left\">CD Feature\/ V.A.: &#8222;Neuklang Kirchenlied&#8220;<\/p>\n<p>On a purely musical level, this combination would never work: A project to get people singing again.<\/p>\n<p align=\"left\">The basic idea of &#8222;Neuklang Kirchenlied&#8220; (which translates to something like &#8222;The new sound of parochial chant&#8220;) is simple: Take a couple of bands from the field of Pop. Rock, Folk and slightly more experimental genres and ask them to cover popular German hymns. Constantin Gr\u00f6hn is, however, not a man of one-dimensional messages, as his location-specific sound project &#8222;Der Michel und der Dom&#8220; previously proved. And there is certainly a deeper aim behind this sampler than just transferring the good old classics to the 21st century.<\/p>\n<p>It can not be denied: The religious (or church-related) aspect of Gr\u00f6hn\u2019s work has been a red thread throughout, regardless of the fact that his music neither turns meaningless without it, nor becomes missionary &#8211; which is a welcome sign of reservation for a Vicar. And thus, an outwardly purely sound-oriented project like &#8222;Der Michel und der Dom&#8220; was a casestudy in placing the noises of a Hamburg-based church next to those of an adjacent fun park.<\/p>\n<p>&#8222;Neuklang Kirchenlied&#8220; is different in that it has been mainly enabled by the support of the protestant magazine &#8222;Chrismon&#8220; and gets more concrete in both its concept and realisation. After all, chant is an essential part of the surmon and acts as a connecting element between the members of the parochial. In the act of singing, personal differences loose their significance and the word takes on a living meaning. This is what Gr\u00f6hn is after for this CD as well.<\/p>\n<p>He has invited ten acts from extreme points of the artistic spectrum for their version of some of the eternal and essential issues of human life. On a purely musical level, this combination would never work, but thanks to the common conceptual ground, an undisturbed flow establishes itself, which seemlessly integrates the robust riffs of\u00a0 &#8222;Der Bote&#8220;, the ethereal vocal harmonies of &#8222;Joni &amp; Joni&#8220; or &#8222;Die Praktikanten&#8220; as well as the combustible and supercharged punk energy of now disbanded &#8222;Snubnose&#8220;. Thanks to the freshness of the arrangements, be they lush or sparse, one can appreciate the lyrics with open ears again &#8211; and discover the purity, timelessness and contemporary relevance of texts sometimes dating back 400 years.<\/p>\n<p>One should not forget that some of these songs are actually common knowledge in Germany and part of the cultural canon. Twenty years ago, you could\u2019ve asked just about anybody on the street for the lyrics to &#8222;Der Mond ist aufgegangen&#8220;. Today this knowledge has dwindled. In the booklet, Gr\u00f6hn asks for ways to become active again in this regard, asking &#8222;whether we should sing or merely listen&#8220;. It is quite clear that he opts for the formerr. More than anything else, &#8222;Neuklang Kirchenlied&#8220; is a project to get people performing these classics again, With the care that has gone into it, there\u2019s a good chance for it to succeed.<\/p>\n","protected":false},"excerpt":{"rendered":"<p>&nbsp; Neuklang Kirchenlied | Various Artists Gruen 051 | Audio CD &gt; [order] The contemporary interpretation of hymns is brought into focus by the project Neuklang Kirchenlied. Reviews &nbsp; German bands and solo artists bring old hymns into contemporary music. The spectrum ranges from jazz to pop, from rock and metal to acoustic art. An [&hellip;]<\/p>\n","protected":false},"author":3,"featured_media":0,"parent":0,"menu_order":0,"comment_status":"open","ping_status":"open","template":"","meta":{"ngg_post_thumbnail":0,"footnotes":""},"class_list":["post-155","page","type-page","status-publish","hentry"],"_links":{"self":[{"href":"https:\/\/www.gruenrekorder.de\/index.php?rest_route=\/wp\/v2\/pages\/155","targetHints":{"allow":["GET"]}}],"collection":[{"href":"https:\/\/www.gruenrekorder.de\/index.php?rest_route=\/wp\/v2\/pages"}],"about":[{"href":"https:\/\/www.gruenrekorder.de\/index.php?rest_route=\/wp\/v2\/types\/page"}],"author":[{"embeddable":true,"href":"https:\/\/www.gruenrekorder.de\/index.php?rest_route=\/wp\/v2\/users\/3"}],"replies":[{"embeddable":true,"href":"https:\/\/www.gruenrekorder.de\/index.php?rest_route=%2Fwp%2Fv2%2Fcomments&post=155"}],"version-history":[{"count":14,"href":"https:\/\/www.gruenrekorder.de\/index.php?rest_route=\/wp\/v2\/pages\/155\/revisions"}],"predecessor-version":[{"id":20117,"href":"https:\/\/www.gruenrekorder.de\/index.php?rest_route=\/wp\/v2\/pages\/155\/revisions\/20117"}],"wp:attachment":[{"href":"https:\/\/www.gruenrekorder.de\/index.php?rest_route=%2Fwp%2Fv2%2Fmedia&parent=155"}],"curies":[{"name":"wp","href":"https:\/\/api.w.org\/{rel}","templated":true}]}}