{"id":19290,"date":"2022-01-31T17:19:31","date_gmt":"2022-01-31T17:19:31","guid":{"rendered":"https:\/\/www.gruenrekorder.de\/?page_id=19290"},"modified":"2022-07-18T10:54:34","modified_gmt":"2022-07-18T10:54:34","slug":"zeitfrei-matthias-engelke","status":"publish","type":"page","link":"https:\/\/www.gruenrekorder.de\/?page_id=19290","title":{"rendered":"ZEITFREI | Matthias Engelke"},"content":{"rendered":"<p><img decoding=\"async\" style=\"border: 1px solid black;\" title=\"ZEITFREI | Matthias Engelke\" src=\"https:\/\/www.gruenrekorder.de\/Photos\/gruen_208.jpg\" alt=\"ZEITFREI | Matthias Engelke\" border=\"1\" \/><\/p>\n<p>&nbsp;<\/p>\n<p><strong>ZEITFREI | <a href=\"https:\/\/www.gruenrekorder.de\/?page_id=18756\">Matthias Engelke<\/a><\/strong><br \/>\nGruen 208 | Audio CD &gt; [<a href=\"https:\/\/shop.gruenrekorder.de\/?full#Gruen_208\" target=\"_blank\" rel=\"noopener noreferrer\">order<\/a>]<br \/>\n<a href=\"#reviews\">Reviews<\/a><br \/>\nngg_shortcode_0_placeholder<\/p>\n<p>&nbsp;<\/p>\n<p>In the album ZEITFREI the mesmerizing timbre of the classical soprano voice of Maraile Lichdi interweaves with an acoustic and electronic world of sound. The songs are characterized by the concept of the ambivalence of the temporal in music. In the lyrical, sketch-like texts, always vague and associative, the topics of transience, vanity, disorientation, loss of control, alienation, farewell, sorrow and finally the invincibility of time but also the resilience of man, are reflected in polarising musical levels. These poles are represented in the unstoppable and directed passages of time, to be heard on the one hand in melodies and melodic fragments and on the other in repetitive and ecstatic sound fields. The inescapability of time is thereby confronted with the ancient desire of man, the utopian ideal of overcoming finiteness by overcoming time itself. The dream to be, and to stay, free of time.<\/p>\n<p>&nbsp;<\/p>\n<p>Tracklist:<\/p>\n<p>&nbsp;<\/p>\n<p>01 | Ariadne<br \/>\n<a href=\"https:\/\/www.gruenrekorder.de\/mp3\/Ariadne---Gruen_Trailer.mp3\">MP3<\/a><br \/>\n02 | Eigenblind<br \/>\n03 | Die Farben der Leere<br \/>\n<a href=\"https:\/\/www.gruenrekorder.de\/mp3\/Farben_der_Leere---Gruen_Trailer.mp3\">MP3<\/a><br \/>\n04 | Minotaur<br \/>\n05 | Fern zersilbert<br \/>\n06 | Unsch\u00e4rfe<br \/>\n07 | Zeit versetzt<br \/>\n08 | Sisyphos<br \/>\n<a href=\"https:\/\/www.gruenrekorder.de\/mp3\/Sisyphos---Gruen_Trailer.mp3\">MP3<\/a><br \/>\n09 | Sichtwei\u00df<br \/>\n10 | Augfaden<br \/>\n<a href=\"https:\/\/www.gruenrekorder.de\/mp3\/Augfaden_Gruen---Gruen_Trailer.mp3\">MP3<\/a><br \/>\n11 | Sirene<br \/>\n12 | Das alte Boot<br \/>\n13 | Ruhe im Schatten<br \/>\n<a href=\"https:\/\/www.gruenrekorder.de\/mp3\/Ruhe_im_Schatten---Gruen_Trailer.mp3\">MP3<\/a><\/p>\n<p>&nbsp;<\/p>\n<p>13 Tracks (79\u203221\u2033)<br \/>\nCD (500 copies)<\/p>\n<p>&nbsp;<\/p>\n<p>CD contains:<br \/>\nMusic and lyrics by Matthias Engelke, Soprano sung by Maraile Lichdi<br \/>\nFoto series \u201eVision\u201c 2021 by Gustav Franz<br \/>\nEssay \u201eZEITFREI\u201c in German by Christian Lemmerich<\/p>\n<p>&nbsp;<\/p>\n<p>Sound Art Series by Gruenrekorder<br \/>\nGermany \/ 2022 \/ Gruen 208 \/ LC 09488 \/ GEMA \/ EAN 4064832826166<\/p>\n<p>&nbsp;<\/p>\n<hr size=\"2\" width=\"100%\" \/>\n<p>&nbsp;<\/p>\n<p><a name=\"reviews\"><\/a><strong>Reviews<\/strong><\/p>\n<p>&nbsp;<\/p>\n<p><strong>Guillermo Escudero | <a href=\"http:\/\/www.loop.cl\" rel=\"noopener\" target=\"_blank\">Loop<\/a><\/strong><br \/>\nMatthias Engelke is a German composer and sound artist who has been composing music for contemporary dance theater and theater productions since 2001. In 2021 he released his album \u201cResonant Dowland\u201d and in 2022 \u201cZeitfrei\u201d, belonging to the series Sound Art of the German label Gruenrekorder.<br \/>\nParticipating in this album is the German soprano Maraile Lichdi, who has been working as an independent opera, concert and lieder singer since 2009. Her repertoire includes almost 40 opera roles and more than 40 concert and oratorio works. Helmut Engelke plays violin and viola, Ulrike M\u00e4ding-Lemmerich, plays violin and Matthias Engelke is in charge of the music composition, lyrics, piano and electronics.<br \/>\nMatthias Engelke&#8217;s work has been focused on the interaction between his composition and analog electronic instruments, as well as how the latter are positioned in the spatiality of a theater.<br \/>\n\u201cZeitfrei\u201d (Free Time) of 13 compositions of electronic music and modern contemporary music, where Maraile Lichdi&#8217;s high-pitched and solemn voice is intertwined, for example, between the heavy electro beats of \u201cRuhe im Schatten\u201d, the minimalist textures of \u201cZeit versetzt\u201d and the classical string arrangements on \u201cDie Farben der Leere\u201d. \u201cMinotaur\u201d astounds for its twisted electronic sounds and heavy beats. Whereas, \u201cSisyphos\u201d shows how the notes of the violin and viola interaction with the subtle beats, giving way to Maraile Lichdi\u2019s voice to the top, creating a playful atmosphere that fits very well in the theatrical context.<br \/>\nMatthias Engelke explores the interaction of electronics with the theatrical field and the spatiality of the escenarios, allowing to take the listener to a playful world, with possible stories that are moved by their sorrow, as well as the capacity to overcome it.<br \/>\n<a href=\"http:\/\/www.loop.cl\/content\/view\/2012\/27\/\" rel=\"noopener\" target=\"_blank\">link<\/a><\/p>\n<p>&nbsp;<\/p>\n<p><strong>Martin Hufner | <a href=\"https:\/\/hoerbar.nmz.de\" rel=\"noopener\" target=\"_blank\">H\u00f6rBar der neue musikzeitung<\/a><\/strong><br \/>\nEine eigene musikalische Welt sto\u00dfen hier Matthias Engelke und Maraile Lichdi auf. Nat\u00fcrlich, wer macht das nicht oder h\u00e4tte nicht diesen Anspruch. Die eigene Welt hier ist keine g\u00e4nzlich unbekannte, aber doch nie Geh\u00f6rte. Diese CD mit ihrem wunderbaren Artwork in Booklet und Cover ist gleichwohl speziell und von unerh\u00f6rter Faszination. Die Kompositionen begeben sich in einer Mischung aus Original-Kl\u00e4ngen (Musique concr\u00e8te) und mittels weiterer technischer Verfahren verfremdeter Kl\u00e4nge auf Wanderschaft in subtilste Klangmischungen und rhythmische Muster.<\/p>\n<p>&nbsp;<\/p>\n<p>Wie soll man das erkl\u00e4ren. Die Musik t\u00e4nzelt gewisserma\u00dfen auf Stiltechniken neuer Musik, improvisierter Wirkung und extremer Reduktion des Materials. Darin entschwebt die solistische oder vervielfachte Sopranstimme von Maraile Lichdi, die wie feinster Stahl die Klanglandschaft aus der Kompositionsdose wie ein hei\u00dfes Messer in Butter teilt oder mal pikst oder eben dar\u00fcber zu entfleuchen scheint.<\/p>\n<p>&nbsp;<\/p>\n<p>Das ist modernste mittelalterliche Musik. Archaisch, klangfigurativ, repetitiv gemischte Muster darinnen halten das Klanggeb\u00e4ude zusammen. Kathedral\u00f6s, wie Licht bunt gef\u00e4chert im so dunklen wie reichhaltigen Raum \u2013 deutlich knapp auch mal am Kitschton vorbei. Unscharf und pr\u00e4zise in eins. Diesig und klar zugleich. Ein unendlicher Strom und doch geb\u00e4ndigt. Erstarrende Poesie. Erl\u00f6send und beklemmend. Trivial und komplex.<\/p>\n<p>&nbsp;<\/p>\n<p>Nix f\u00fcr ganz Nebenbei, nix f\u00fcr verklemmtes analytisches H\u00f6ren. Sch\u00f6n, dass die Garderobe der Avantgarde ein bisschen durchgeklopft wird. Wunderwerk!<br \/>\n<a href=\"https:\/\/hoerbar.nmz.de\/2022\/03\/matthias-engelke-zeitfrei\/\" rel=\"noopener\" target=\"_blank\">link<\/a><\/p>\n","protected":false},"excerpt":{"rendered":"<p>&nbsp; ZEITFREI | Matthias Engelke Gruen 208 | Audio CD &gt; [order] Reviews &nbsp; In the album ZEITFREI the mesmerizing timbre of the classical soprano voice of Maraile Lichdi interweaves with an acoustic and electronic world of sound. The songs are characterized by the concept of the ambivalence of the temporal in music. In the [&hellip;]<\/p>\n","protected":false},"author":3,"featured_media":0,"parent":0,"menu_order":0,"comment_status":"closed","ping_status":"closed","template":"","meta":{"ngg_post_thumbnail":0,"footnotes":""},"class_list":["post-19290","page","type-page","status-publish","hentry"],"_links":{"self":[{"href":"https:\/\/www.gruenrekorder.de\/index.php?rest_route=\/wp\/v2\/pages\/19290","targetHints":{"allow":["GET"]}}],"collection":[{"href":"https:\/\/www.gruenrekorder.de\/index.php?rest_route=\/wp\/v2\/pages"}],"about":[{"href":"https:\/\/www.gruenrekorder.de\/index.php?rest_route=\/wp\/v2\/types\/page"}],"author":[{"embeddable":true,"href":"https:\/\/www.gruenrekorder.de\/index.php?rest_route=\/wp\/v2\/users\/3"}],"replies":[{"embeddable":true,"href":"https:\/\/www.gruenrekorder.de\/index.php?rest_route=%2Fwp%2Fv2%2Fcomments&post=19290"}],"version-history":[{"count":13,"href":"https:\/\/www.gruenrekorder.de\/index.php?rest_route=\/wp\/v2\/pages\/19290\/revisions"}],"predecessor-version":[{"id":20028,"href":"https:\/\/www.gruenrekorder.de\/index.php?rest_route=\/wp\/v2\/pages\/19290\/revisions\/20028"}],"wp:attachment":[{"href":"https:\/\/www.gruenrekorder.de\/index.php?rest_route=%2Fwp%2Fv2%2Fmedia&parent=19290"}],"curies":[{"name":"wp","href":"https:\/\/api.w.org\/{rel}","templated":true}]}}