{"id":20672,"date":"2023-07-18T21:20:51","date_gmt":"2023-07-18T21:20:51","guid":{"rendered":"https:\/\/www.gruenrekorder.de\/?page_id=20672"},"modified":"2023-07-18T21:53:55","modified_gmt":"2023-07-18T21:53:55","slug":"melissa-pons-deutsch","status":"publish","type":"page","link":"https:\/\/www.gruenrekorder.de\/?page_id=20672","title":{"rendered":"Melissa Pons \u2013 Deutsch"},"content":{"rendered":"<p><img decoding=\"async\" title=\"Melissa Pons\" alt=\"Melissa Pons\" src=\"https:\/\/www.gruenrekorder.de\/Photos\/melissa_pons-320pix.jpg\" border=\"1\" \/><\/p>\n<p>&nbsp;<\/p>\n<p><strong>Melissa Pons<\/strong><br \/>\nfield recordist<\/p>\n<p>&nbsp;<\/p>\n<p>Melissa (sie\/ihr) ist eine Field Recordist und Sound Designerin, die derzeit in Portugal lebt, jedoch oft reist, um nat\u00fcrliche Klanglandschaften aufzunehmen, von ihnen und ihren Bewohnern zu lernen und zu versuchen, einen transversalen Ansatz f\u00fcr ihre Arbeiten zu erreichen, w\u00e4hrend sie texturierte und sch\u00f6ne Klanglandschaften in einer erz\u00e4hlerischen Form einf\u00e4ngt. <\/p>\n<p>&nbsp;<\/p>\n<p>Kurz nach ihrem Abschluss in Musikproduktion und -technologie in ihrer Heimatstadt Porto, Portugal, zog sie nach Stockholm, wo sie in der skandinavischen Filmindustrie bei renommierten Postproduktionsh\u00e4usern als Sounddesignerin zu arbeiten begann. Sp\u00e4ter betreute und gestaltete sie den Film Ghabe, f\u00fcr den sie von der ECA mit einem Preis f\u00fcr den besten Ton ausgezeichnet wurde. <\/p>\n<p>&nbsp;<\/p>\n<p>Im Jahr 2021 wurde Melissa bei der ersten Ausgabe der Sound of the Year Awards in die engere Auswahl f\u00fcr den besten Field Recordist aufgenommen, nachdem sie vier Field- Recording-Alben ver\u00f6ffentlicht hatte, die in Brasilien, Schweden und Portugal aufgenommen wurden. Sie ist auch Komponistin und ver\u00f6ffentlicht unabh\u00e4ngig und auf Dragon&#8217;s Eye Recordings ihr St\u00fcck Three, das von der Klangk\u00fcnstlerin Tomoko Hojo in Auftrag gegeben wurde.<\/p>\n<p>&nbsp;<\/p>\n<p><a href=\"https:\/\/melissapons.bandcamp.com\/\" rel=\"noopener\" target=\"_blank\">www.melissapons.bandcamp.com <\/a><br \/>\n<a href=\"https:\/\/melissapons.com\/\" rel=\"noopener\" target=\"_blank\">www.melissapons.com<\/a><\/p>\n<p>&nbsp;<\/p>\n<p><strong>Gruenrekorder:<\/strong><br \/>\nMelissa Pons &#038; <a href=\"https:\/\/www.gruenrekorder.de\/?page_id=20690\">Nils Mosh<\/a>: <a href=https:\/\/www.gruenrekorder.de\/?page_id=20656\">\u201eOf Wolves and People\u201c<\/a> (Gruen 214\/23)<\/p>\n","protected":false},"excerpt":{"rendered":"<p>&nbsp; Melissa Pons field recordist &nbsp; Melissa (sie\/ihr) ist eine Field Recordist und Sound Designerin, die derzeit in Portugal lebt, jedoch oft reist, um nat\u00fcrliche Klanglandschaften aufzunehmen, von ihnen und ihren Bewohnern zu lernen und zu versuchen, einen transversalen Ansatz f\u00fcr ihre Arbeiten zu erreichen, w\u00e4hrend sie texturierte und sch\u00f6ne Klanglandschaften in einer erz\u00e4hlerischen Form [&hellip;]<\/p>\n","protected":false},"author":3,"featured_media":0,"parent":0,"menu_order":0,"comment_status":"closed","ping_status":"closed","template":"","meta":{"ngg_post_thumbnail":0,"footnotes":""},"class_list":["post-20672","page","type-page","status-publish","hentry"],"_links":{"self":[{"href":"https:\/\/www.gruenrekorder.de\/index.php?rest_route=\/wp\/v2\/pages\/20672","targetHints":{"allow":["GET"]}}],"collection":[{"href":"https:\/\/www.gruenrekorder.de\/index.php?rest_route=\/wp\/v2\/pages"}],"about":[{"href":"https:\/\/www.gruenrekorder.de\/index.php?rest_route=\/wp\/v2\/types\/page"}],"author":[{"embeddable":true,"href":"https:\/\/www.gruenrekorder.de\/index.php?rest_route=\/wp\/v2\/users\/3"}],"replies":[{"embeddable":true,"href":"https:\/\/www.gruenrekorder.de\/index.php?rest_route=%2Fwp%2Fv2%2Fcomments&post=20672"}],"version-history":[{"count":8,"href":"https:\/\/www.gruenrekorder.de\/index.php?rest_route=\/wp\/v2\/pages\/20672\/revisions"}],"predecessor-version":[{"id":20697,"href":"https:\/\/www.gruenrekorder.de\/index.php?rest_route=\/wp\/v2\/pages\/20672\/revisions\/20697"}],"wp:attachment":[{"href":"https:\/\/www.gruenrekorder.de\/index.php?rest_route=%2Fwp%2Fv2%2Fmedia&parent=20672"}],"curies":[{"name":"wp","href":"https:\/\/api.w.org\/{rel}","templated":true}]}}