{"id":305,"date":"2008-08-26T07:49:49","date_gmt":"2008-08-26T05:49:49","guid":{"rendered":"http:\/\/www.gruenrekorder.de\/?page_id=305"},"modified":"2015-01-13T09:54:18","modified_gmt":"2015-01-13T09:54:18","slug":"marker-jeremy-bible-jason-henry","status":"publish","type":"page","link":"https:\/\/www.gruenrekorder.de\/?page_id=305","title":{"rendered":"Marker | Jeremy Bible &#038; Jason Henry"},"content":{"rendered":"<p><img decoding=\"async\" title=\"Artwork: Jeremy Bible\" src=\"https:\/\/www.gruenrekorder.de\/Photos\/jbjh\/jbjh-marker-cover.jpg\" alt=\"Artwork: Jeremy Bible\" border=\"1\" \/><\/p>\n<p>&nbsp;<\/p>\n<p><strong>Marker | <a href=\"https:\/\/www.gruenrekorder.de\/?page_id=236\">Jeremy Bible &amp; Jason Henry<\/a><\/strong><\/p>\n<p>Gr 062 | <a href=\"https:\/\/shop.gruenrekorder.de\/?info#grueneditions\" target=\"_blank\">Gruen CD-R<\/a> &gt; [<span style=\"color: #ff0000;\">Sold Out<\/span>]<\/p>\n<p>MP3 &gt; <a href=\"http:\/\/itunes.apple.com\/WebObjects\/MZStore.woa\/wa\/viewAlbum?id=304010834&amp;s=143443\" target=\"_blank\">iTunes<\/a><\/p>\n<p><a href=\"#Reviews\">Reviews<\/a><\/p>\n<p>Processed Field Recordings &amp; Electro-Acoustic Sound Art Collage<\/p>\n<p>&nbsp;<br \/>\n01 ast<\/p>\n<p>02 fragmnt<\/p>\n<p><a title=\"Scotland field recordings 04\" href=\"https:\/\/www.gruenrekorder.de\/mp3\/jeremy_bible-jason_henry-fragmnt-gruenrekorder062.mp3\" target=\"_blank\">MP3<\/a><\/p>\n<p>03 marker<\/p>\n<p>04 glacr<\/p>\n<p>05 indnt<\/p>\n<p>&nbsp;<\/p>\n<p>5 Tracks (62&#8217;48&#8220;)<\/p>\n<p>CD-R (50 copies)<\/p>\n<p>&nbsp;<\/p>\n<p>SYNOPSIS: Marker is the first in a two part album concept for the Gruenrekorder label by Canton, Ohio, US based sound artists Jeremy Bible &amp; Jason Henry. Marker combines multiple elements in order to create constructed fictional environments, realities, locations, and atmospheres. Field recordings captured from the northeast Ohio region and often times in and around the individual artist\u2019s homes, processed and clean, play a large part, alongside treated and processed acoustic instruments and subtle touches of electronic sound design.<\/p>\n<p>&nbsp;<\/p>\n<p>CONCEPT: The two albums, Marker and Magnet, were created with the intention of being experienced both individually and consecutively allowing for up to four unique listening contexts.\u00a0 It is also recommended that the pieces which the two albums are comprised of are combined and experienced in a random manner creating infinite listening experiences.<\/p>\n<p>&nbsp;<\/p>\n<p>PROCESS: The sound elements presented on both Marker &amp; Magnet were recorded, composed, performed, collected, and organized by the artists individually over a period of time for the intention of a single impromptu &amp; improvised collaborative recording session.\u00a0 Following this \u2018content collection\u2019 period the artists met for a lengthy recording session at Jeremy Bible\u2019s Experimedia Studio1 where these individual sound elements were arranged, processed, and mixed by the two artists in an improvisational manner under conditions of half sleep like states of subconscious focus.\u00a0 The elements of surprise introduced in a collaborative improvisational recording scenario play a large role in the duo\u2019s process and resulting sound works.<\/p>\n<p>&nbsp;<\/p>\n<p><a href=\"https:\/\/www.gruenrekorder.de\/Photos\/jbjh\/jbjh-marker.jpg\"><img loading=\"lazy\" decoding=\"async\" src=\"https:\/\/www.gruenrekorder.de\/Photos\/jbjh\/jbjh-marker.jpg\" alt=\"\" width=\"200\" height=\"133\" border=\"1\" \/><\/a><\/p>\n<p>&nbsp;<\/p>\n<p>Audio: Jeremy Bible &amp; Jason Henry \/ Canton, Ohio, United States \/ 2007<\/p>\n<p>Arranged, Processed, and Mixed at Experimedia Studio1<\/p>\n<p>North Canton, Ohio, United States \/ 2007<\/p>\n<p>Artwork: Jeremy Bible, Canton, Ohio \/ 2008<\/p>\n<p>Gruenrekorder \/ Germany \/ 2008 \/ Gr 062 \/ LC 09488<\/p>\n<p>&nbsp;<\/p>\n<p>&nbsp;<\/p>\n<hr size=\"2\" width=\"100%\" \/>\n<p>&nbsp;<\/p>\n<p>&nbsp;<\/p>\n<p><a name=\"Reviews\"><\/a><strong>Reviews<\/strong><\/p>\n<p>&nbsp;<\/p>\n<p><strong>Frans de Waard | <a href=\"http:\/\/www.vitalweekly.net\/\" target=\"_blank\">VITAL WEEKLY<\/a><\/strong><\/p>\n<p>Following releases on their own Experimedia label, its now time to expand the horizon. Music by Jeremy Bible and Jason Henry was already reviewed before (586 and 638), exploring further what they already started: found sounds, electronic treatments thereof, acoustic instruments. On &#8218;Marker&#8216; five long tracks, which seem to me be originating in improvisation, but which perhaps could have used a bit more editing. Once the mighty wheel of mechanical loops is set in motion, it seems that the end is reached of a piece, except it goes on for some more time. Throughout it seems that they are using more rhythm (or easier: repeated chunks of music) than on the previous releases I heard. Its not dance music in any way, but just continuos mechanical loops with sounds added to them. Interesting to see them make this move, but the execution of the five pieces is a bit weak. Only &#8218;Glacr&#8216; which sounded like the previous work worked quite well. Too long, too many repetitions of ideas, whereas things could have been much shorter and then it could be more interesting I think. Brave to step away, but its not enough yet. Explore this route more I&#8217;d say. (FdW)<\/p>\n<p><a href=\"http:\/\/www.vitalweekly.net\/646.html\" target=\"_blank\">link<\/a><\/p>\n<p>&nbsp;<\/p>\n<p><strong><a href=\"http:\/\/textura.org\/\" target=\"_blank\">textura<\/a><\/strong><\/p>\n<p>Marker is very much sonically in keeping with the other two, despite the fact that it&#8217;s issued on Gruenrekorder, a label more known for its field recordings output than experimental electronic music-making. Much like Vector, the hour-long Marker features four extended settings (fourteen minutes apiece) and a shorter outro. As before, field elements (e.g., children&#8217;s voices, radio talk show conversations) and natural sounds (e.g., cymbal percussion) swim in thick electronic baths amidst alien noises of unidentifiable character. The release rarely resembles music of any conventional kind and is clearly geared towards the listener weaned on heavily abstracted soundscaping. The industrial soundscaping of \u201cAst\u201d unfolds in a queasy ebb-and-flow that feels akin to a turbulent dream-state, after which phantoms drift through an industrial wasteland in \u201cFragmnt.\u201d The recording&#8217;s finest moment arrives when Bible and Henry navigate vast expanses of frozen tundra during the vaporous epic \u201cGlacr,\u201d a slowly heaving mass of ambient cloud formations whose immensity overshadows all that&#8217;s come before. The tranquil closer \u201cIndnt\u201d is almost as appealing, despite being the complete opposite of \u201cGlacr\u201d in so many ways. Even so, ending the album with gentle guitar shadings and restrained atmospheric textures (including a re-appearance of the earlier talk show snippets) is a smart move on the creators&#8216; part given that it&#8217;s the last impression the listener takes away when the recording&#8217;s done. File all three releases under \u201cimmersive headphones listening.\u201d<\/p>\n<p><a href=\"http:\/\/textura.org\/reviews\/biblehenry.htm\" target=\"_blank\">link<\/a><\/p>\n<p>&nbsp;<\/p>\n<p><strong><a href=\"http:\/\/www.quietnoise.org\" target=\"_blank\">quietnoise<\/a><\/strong><\/p>\n<p>Field Recordings und akustisches Instrumentarium sowie deren ausgiebige Bearbeitung bilden das Fundament f\u00fcr \u00bbMarker\u00ab, dem vorliegenden ersten Part eines zweiteiligen Albumkonzepts auf Gruenrekorder. Dessen Urheber sind Jeremy Bible &amp; Jason Henry, ein, milde ausgedr\u00fcckt, ver\u00f6ffentlichungs- freudiges Tonk\u00fcnstlerduo aus Ohio, deren zu Beginn etwas distanziert wirkenden Klangraumentw\u00fcrfen man sich idealerweise mit Kopfh\u00f6rern und viel Aufmerksamkeit n\u00e4hert.<\/p>\n<p>&nbsp;<\/p>\n<p>Denn gleich die ersten drei der insgesamt f\u00fcnf St\u00fccke umfassenden CD pr\u00e4sentieren sich als jeweils knapp viertelst\u00fcndige, ziemlich spr\u00f6de Skizzen. Diese machen es, d\u00fcster pointiert und oft mit ein wenig zu auff\u00e4llig arbeitenden rhythmischen Loops durchsetzt, einem nicht immer leicht, fokussiert zu bleiben. Nur allzu schnell verliert man sich in den weitl\u00e4ufigen Nebenh\u00f6hlen aus bis zur Unkenntlichkeit herangezoomten Sounds, tackernden Rhythmen und Field Recordings von Alltagsger\u00e4uschen. Eine merkw\u00fcrdig faszinierende, ausgedehnte Klangschattenwelt, die langsam vorbei zieht und erst mit dem vorletzten Track \u00bbGlacr\u00ab emotional greifbarer wird.<\/p>\n<p>&nbsp;<br \/>\nDieser bietet fein geschwungene, hypnotische Ambientfl\u00e4chen mit sanften Ger\u00e4uschbruchlinien. Gletscherspaltenmusik, die mit unverhohlenem Hang zum Symphonischen angenehm an die besten Momente von Biospheres Breitwandepos \u00bbSubstrata\u00ab zu erinnern vermag. Vers\u00f6hnlich schlie\u00dflich auch der Ausklang, in dem sich bereits zuvor verwendete Ausschnitte aus Talkshows zwischen melancholisch verkatertem Gitarrengeplonker verfl\u00fcchtigen. Ich sag es mal so: ein seltsames Album, bei dem es sich durchaus lohnen kann, \u00fcber gewisse anf\u00e4ngliche Unnahbarkeiten hinwegzuh\u00f6ren.<\/p>\n<p><a href=\"http:\/\/www.quietnoise.org\/main.php?mode=r&amp;id=124&amp;arc=curr#currid\" target=\"_blank\">link<\/a><\/p>\n","protected":false},"excerpt":{"rendered":"<p>&nbsp; Marker | Jeremy Bible &amp; Jason Henry Gr 062 | Gruen CD-R &gt; [Sold Out] MP3 &gt; iTunes Reviews Processed Field Recordings &amp; Electro-Acoustic Sound Art Collage &nbsp; 01 ast 02 fragmnt MP3 03 marker 04 glacr 05 indnt &nbsp; 5 Tracks (62&#8217;48&#8220;) CD-R (50 copies) &nbsp; SYNOPSIS: Marker is the first in a [&hellip;]<\/p>\n","protected":false},"author":3,"featured_media":0,"parent":0,"menu_order":0,"comment_status":"open","ping_status":"open","template":"","meta":{"ngg_post_thumbnail":0,"footnotes":""},"class_list":["post-305","page","type-page","status-publish","hentry"],"_links":{"self":[{"href":"https:\/\/www.gruenrekorder.de\/index.php?rest_route=\/wp\/v2\/pages\/305","targetHints":{"allow":["GET"]}}],"collection":[{"href":"https:\/\/www.gruenrekorder.de\/index.php?rest_route=\/wp\/v2\/pages"}],"about":[{"href":"https:\/\/www.gruenrekorder.de\/index.php?rest_route=\/wp\/v2\/types\/page"}],"author":[{"embeddable":true,"href":"https:\/\/www.gruenrekorder.de\/index.php?rest_route=\/wp\/v2\/users\/3"}],"replies":[{"embeddable":true,"href":"https:\/\/www.gruenrekorder.de\/index.php?rest_route=%2Fwp%2Fv2%2Fcomments&post=305"}],"version-history":[{"count":1,"href":"https:\/\/www.gruenrekorder.de\/index.php?rest_route=\/wp\/v2\/pages\/305\/revisions"}],"predecessor-version":[{"id":13346,"href":"https:\/\/www.gruenrekorder.de\/index.php?rest_route=\/wp\/v2\/pages\/305\/revisions\/13346"}],"wp:attachment":[{"href":"https:\/\/www.gruenrekorder.de\/index.php?rest_route=%2Fwp%2Fv2%2Fmedia&parent=305"}],"curies":[{"name":"wp","href":"https:\/\/api.w.org\/{rel}","templated":true}]}}