{"id":6407,"date":"2012-01-26T13:02:03","date_gmt":"2012-01-26T13:02:03","guid":{"rendered":"http:\/\/www.gruenrekorder.de\/?page_id=6407"},"modified":"2015-01-12T16:08:28","modified_gmt":"2015-01-12T16:08:28","slug":"edgelands-michael-trommer","status":"publish","type":"page","link":"https:\/\/www.gruenrekorder.de\/?page_id=6407","title":{"rendered":"Edgelands | Michael Trommer"},"content":{"rendered":"<p><img loading=\"lazy\" decoding=\"async\" style=\"border: 1px solid black;\" title=\"Edgelands | Michael Trommer\" src=\"https:\/\/www.gruenrekorder.de\/Photos\/Michael_Trommer-Edgelands_GrDl_098.jpg\" alt=\"Edgelands | Michael Trommer\" width=\"320\" height=\"320\" \/><\/p>\n<p>&nbsp;<\/p>\n<p><strong>Edgelands\u00a0| <a href=\"https:\/\/www.gruenrekorder.de\/?page_id=6394\">Michael Trommer<\/a><\/strong><br \/>\nGrDl 098| Gruen Digital &gt; [<a href=\"https:\/\/shop.gruenrekorder.de\/?full#Gruen_098\" target=\"_blank\">order<\/a>]<br \/>\nMP3 &amp; FLAC<\/p>\n<p><a href=\"#review\">Reviews<\/a><\/p>\n<p>&nbsp;<\/p>\n<p>the pieces that comprise &#8218;edgelands&#8216; are composed of field recordings made in the liminal spaces which exist between the built and natural environments &#8211; suburban developments, factories and power stations, urban environments in states of disuse and decay, urban shorelines well as city and ex-urban parks.<\/p>\n<p>&nbsp;<\/p>\n<p><a href=\"https:\/\/www.gruenrekorder.de\/mp3\/bob_lake_hydro-electric excerpt.mp3\">MP3<\/a><br \/>\n01\u00a0 bob lake hydro-electric\u00a0 11:55<br \/>\n02\u00a0 bobcaygeon deepfield\u00a0 10:22<br \/>\n<a href=\"https:\/\/www.gruenrekorder.de\/mp3\/cityhum_excerpt.mp3\">MP3<\/a><br \/>\n03\u00a0 cityhum\u00a0 8:44<br \/>\n04\u00a0 edgelands 2\u00a0 11:20<br \/>\n05\u00a0 factory A2\u00a0 8:24<br \/>\n06\u00a0 ghostwood\u00a0 7:04<br \/>\n<a href=\"https:\/\/www.gruenrekorder.de\/mp3\/guildwood_excerpt.mp3\">MP3<\/a><br \/>\n07\u00a0 guildwood\u00a0 9:44<\/p>\n<p>&nbsp;<\/p>\n<p>7 Tracks (67\u203232\u2033)<\/p>\n<p>&nbsp;<\/p>\n<p>as the material makes extensive use of infra- and ultrasonic frequencies, headphones or a subwoofer are recommended.<\/p>\n<p>&nbsp;<\/p>\n<p><a title=\"Edgelands | Michael Trommer\" href=\"https:\/\/www.gruenrekorder.de\/Photos\/cargill-storage.jpg\" rel=\"lightbox\"><img decoding=\"async\" title=\"Edgelands | Michael Trommer\" src=\"https:\/\/www.gruenrekorder.de\/Photos\/cargill-storage.jpg\" alt=\"Edgelands | Michael Trommer\" width=\"100\" border=\"1\" \/><\/a><\/p>\n<p>&nbsp;<\/p>\n<p><a title=\"Edgelands | Michael Trommer\" href=\"https:\/\/www.gruenrekorder.de\/Photos\/megaphone.jpg\" rel=\"lightbox\"><img decoding=\"async\" title=\"Edgelands | Michael Trommer\" src=\"https:\/\/www.gruenrekorder.de\/Photos\/megaphone.jpg\" alt=\"Edgelands | Michael Trommer\" width=\"100\" border=\"1\" \/><\/a><\/p>\n<p>&nbsp;<\/p>\n<p><a title=\"Edgelands | Michael Trommer\" href=\"https:\/\/www.gruenrekorder.de\/Photos\/cooling-tower.jpg\" rel=\"lightbox\"><img decoding=\"async\" title=\"Edgelands | Michael Trommer\" src=\"https:\/\/www.gruenrekorder.de\/Photos\/cooling-tower.jpg\" alt=\"Edgelands | Michael Trommer\" width=\"100\" border=\"1\" \/><\/a><\/p>\n<p>&nbsp;<\/p>\n<p>Field Recording Series by Gruenrekorder<br \/>\nGruenrekorder \/ Germany \/ 2012 \/\u00a0GrDl 098 \/ LC 09488<\/p>\n<p>&nbsp;<\/p>\n<hr size=\"2\" width=\"100%\" \/>\n<p>&nbsp;<\/p>\n<p><a name=\"review\"><\/a><strong>Reviews<\/strong><\/p>\n<p>&nbsp;<\/p>\n<p><strong>Caity Kerr | <a href=\"http:\/\/thefieldreporter.wordpress.com\/\" target=\"_blank\">The Field Reporter<\/a><\/strong><\/p>\n<p>Michael Trommer is a Toronto based producer and sound artist whose experimental work focuses primarily on psychogeographical explorations via the use of field recordings.<br \/>\nThe sleeve notes tell us that \u2018the pieces that comprise edgelands are composed of field recordings made in the liminal spaces which exist between the built and natural environments \u2013 suburban developments, factories and power stations, urban environments in states of disuse and decay, urban shorelines well as city and ex-urban park\u2019.<br \/>\nBecause of the infra- and ultrasonic frequencies listening with headphones or a subwoofer recommended<\/p>\n<p>&nbsp;<\/p>\n<p>1. bob lake hydro-electric\u00a0 [11:55]<br \/>\nTrommer has crafted something approaching a signature sound across all the tracks of this album \u2013 a heavy duty low frequency presence and a contrasting high frequency hiss, both of which might have been electronically generated, though given the information in the sleeve notes, it\u2019s more likely that he\u2019s remove the midrange from various field recordings and used the results as a primary layer in his compositions. This simple technique, taking out the midrange, still strikes me as very much from the elektronische tradition.<br \/>\nAs with many works in this style, where a relatively static layer is set up, we wait expectantly for the change, the extra material. I\u2019m interested in why we should do this and ultimately in how the composer negotiates these expectations? I always want to find out why and at which point the artist decides he\u2019s had enough and what would be the difference between one piece of pure stasis and a whole album of almost similar material but the album as a whole doesn\u2019t embark upon this experiment. Instead I get a sense of very clear, concise and deliberate choices, high production values and some inexplicable choices of material.<br \/>\nBack to the sounds, a lot of the time we find ourselves on the delicious cusp between field recordings and electronic oscillators. On the other hand, the reverbed tails don\u2019t do the music any favours, speaking to me of techniques of production rather than engagement with the materiality of the sources. But each to their own. There is much to be appreciated in the polish of the production, if that\u2019s your thing, in the extreme filtering, in the abstracted, stark and austere mood of many of the pieces. This first track left my ears muffled, something I haven\u2019t had done to me for ages.<\/p>\n<p>&nbsp;<\/p>\n<p>2. bobcaygeon deepfield\u00a0 [10:22]<br \/>\nHere we have the same bass presence, a lighter touch on the highs and hisses, and this time the presence of the artist or at least some manner of human agency and a sense of place. The range of sounds is richer: watery sounds, interventions, some \u2018high lonesome\u2019 birdy sounds. Then raindrops, or rather the quality of the surface on which they fall, helping us to map out the topography.<br \/>\nThe pattern is established \u2013 a background layer or ground in the form of an (almost) ostinato bass with high frequency presence over which events take place: biophonies and geophonies, all establishing the sense of location by means of small repeated details. Although there is a sense of the literary in the mystery and uncertainty, this is a descriptive rather than a narrative approach, encouraging the mind to paint its own picture from the sound.<\/p>\n<p>&nbsp;<\/p>\n<p>3. cityhum\u00a0 [8:44]<br \/>\nAgain the same bass and hiss with filtered ambience and traffic-like envelopes, all very well presented. What sounds like a more industrial interior space opens up, with possible machinery. I\u2019d use the usual clich\u00e9 about it being Tarkovsky-esque, but this is a bigger space and more diffuse than the \u2018Stalker\u2019 setting. The sound eventually levels out into a broadband polyphony. Again the reverbed and digitally delayed ending breaks the spell, smacking of over-production and taking me into the studio, where I don\u2019t really want to be.<\/p>\n<p>&nbsp;<\/p>\n<p>4. edgelands 2\u00a0 [11:20]<br \/>\nHiss, buzz, then a bassy machine sound with birds on top. Various shavers (haircut memories) dance around the mix like alien spacecraft. Again the sawtooth-like waveforms make this is a very electronic sound world. At times I had the impression of a big foregrounded complex machine with activity at all levels of the frequency spectrum, There\u2019s still some \u2018fieldy\u2019 stuff going on around it, bloops and plops, which \u2018grounds\u2019 the piece well, but it risks straying into alien abduction territory or at least a carefully composed dystopic\/filmic domain.<br \/>\nThe piece then moves into a very interesting texture broken by a periodic metallic clinky sound, then unexpectedly goes into self-initiated meltdown with the entrance of a spangling of fifth and octave runs from a synthy instrument. I wondered at first if there might be a hidden agenda here that the piece was commissioned for film. Whatever the case the synth sticks out like a dog\u2019s bollocks.<\/p>\n<p>&nbsp;<\/p>\n<p>5. factory A2\u00a0 [8:24]<br \/>\nThis track has the same ambivalence as the last \u2013 hiss and bass, rapid intrusions and activities, consistent with the sound world of all the tracks, then a hint of resonance with periodic enveloped whooshes hint at urban post-dance production values. The producer takes over, a fact made more transparent in the digital delays at the end. For some this will be an interesting dynamic \u2013 two levels of the artist\u2019s presence, in the field and in the studio, made very obvious in contrasting ways. I simply hear delay and reverb, both of which strike me as unnecessary given the successful treatment of the core sounds.<\/p>\n<p>&nbsp;<\/p>\n<p>6. ghostwood\u00a0 [7:04]<br \/>\nThis is another of the more filmic tracks \u2013 a burbly watery beginning, the grain and gristle of field recordings, cars (?). Then for long spells we return to the heavy duty low frequency rumble with no midrange. The filmic ambience reappears with wind and reception interference, various activities in the background, ghostly birds, voices in the radio spectrum. The structure of the piece offers us a pleasing arch form.<\/p>\n<p>&nbsp;<\/p>\n<p>7. guildwood\u00a0 [9:44]<br \/>\nHere there are some notable compositional strengths: a disjunction of spaces and a great depth of field which offsets the frontal\/central clicks. Add to this a hint of crescendo with the addition of material, then a decrescendo by taking away from the texture. Again, some very obvious processing, though the gentleness of this piece is more forgiving.<\/p>\n<p>&nbsp;<\/p>\n<p>Overall, I\u2019d concur with the advice to listen over a good playback system to fully appreciate the work.<br \/>\nReleased as part of the Field Recording Series by Gruenrekorder<\/p>\n<p><a href=\"http:\/\/thefieldreporter.wordpress.com\/2012\/03\/07\/77\/\" target=\"_blank\">link<\/a><\/p>\n<p>&nbsp;<\/p>\n<p><strong>Axel Ganz | <a href=\"http:\/\/www.jahrgangsgeraeusche.de\/\" target=\"_blank\">Jahrgangsger\u00e4usche<\/a><br \/>\n<\/strong><\/p>\n<p>Die Welt wird zum Versuchslabor. Dabei scheinen die Randgebiete st\u00e4dtischer Agglomerationen alles zu bieten, was man f\u00fcr einen im besten Sinne offenen Experimentierbaukasten braucht. So, oder so \u00e4hnlich k\u00f6nnte sich die akustische Situation in den kulturellen \u00dcbergangszonen f\u00fcr den in Toronto lebenden Klangk\u00fcnstler Michael Trommer dargestellt haben, als er begann die Au\u00dfenbezirke st\u00e4dtischer Gro\u00dfr\u00e4ume auf ihre akustischen Eigenschaften hin zu untersuchen. Mit all ihren Fabriken, Kraftwerken und Brachen, mit ihren Ausdehnungsprozessen und Niederg\u00e4ngen stellen sie gerade auch als Lautsph\u00e4ren \u00dcbergangszonen zu benachbarten Strukturen dar, ein bisher weitgehend unerforschtes Terrain.<\/p>\n<p>&nbsp;<\/p>\n<p>Dabei scheint Trommer, der schon an zahlreichen Orten Audio-Installationen aufbaute, nicht den puristischen Ph\u00e4nomenologen zu geben. Im Gegenteil, er experimentiert ebenso mit den Positionen der Mikrofone, wie er mit seinen untersuchten Objekten manchmal zu spielen scheint. So kommt er, zu erstaunlich kleinteiligen, ja manchmal fast kargen Ergebnissen. Zwar schichtet sich oft in kurzen dichten Momenten Wiederspr\u00fcchliches \u00fcbereinander, doch kommt es nicht zu spektakul\u00e4ren Konfrontationen von klanglichen Gegens\u00e4tzen. Oft vermisst man sogar die Abbildung r\u00e4umlicher Tiefe durch gewohnte Staffelungen von Ger\u00e4uschen, da sich bei Trommer vieles prominent im Nahbereich abspielt.<\/p>\n<p>&nbsp;<\/p>\n<p>An manchen Stellen verliert man sogar das Gef\u00fchl f\u00fcr den akustischen Au\u00dfenraum. Jedoch, das muss nicht entt\u00e4uschen. Im Gegenteil, das ist die eigentliche und \u00fcberraschende Erkenntnis: Die Welt wird zum Versuchslabor. Bei Michael Trommel scheint sie sich selbst einzust\u00fclpen in einen imagin\u00e4ren Raum voller neuer M\u00f6glichkeiten. Ein erstaunlicher Prozess, der sich allerdings nur demjenigen erschlie\u00dft, der nicht nach dem spektakul\u00e4ren Momentum sucht.<\/p>\n<p><a href=\"http:\/\/www.jahrgangsgeraeusche.de\/2012-03-08\/michael-trommer-edgelands\/\" target=\"_blank\">link<\/a><\/p>\n","protected":false},"excerpt":{"rendered":"<p>&nbsp; Edgelands\u00a0| Michael Trommer GrDl 098| Gruen Digital &gt; [order] MP3 &amp; FLAC Reviews &nbsp; the pieces that comprise &#8218;edgelands&#8216; are composed of field recordings made in the liminal spaces which exist between the built and natural environments &#8211; suburban developments, factories and power stations, urban environments in states of disuse and decay, urban shorelines [&hellip;]<\/p>\n","protected":false},"author":3,"featured_media":0,"parent":0,"menu_order":0,"comment_status":"closed","ping_status":"open","template":"","meta":{"ngg_post_thumbnail":0,"footnotes":""},"class_list":["post-6407","page","type-page","status-publish","hentry"],"_links":{"self":[{"href":"https:\/\/www.gruenrekorder.de\/index.php?rest_route=\/wp\/v2\/pages\/6407","targetHints":{"allow":["GET"]}}],"collection":[{"href":"https:\/\/www.gruenrekorder.de\/index.php?rest_route=\/wp\/v2\/pages"}],"about":[{"href":"https:\/\/www.gruenrekorder.de\/index.php?rest_route=\/wp\/v2\/types\/page"}],"author":[{"embeddable":true,"href":"https:\/\/www.gruenrekorder.de\/index.php?rest_route=\/wp\/v2\/users\/3"}],"replies":[{"embeddable":true,"href":"https:\/\/www.gruenrekorder.de\/index.php?rest_route=%2Fwp%2Fv2%2Fcomments&post=6407"}],"version-history":[{"count":17,"href":"https:\/\/www.gruenrekorder.de\/index.php?rest_route=\/wp\/v2\/pages\/6407\/revisions"}],"predecessor-version":[{"id":13198,"href":"https:\/\/www.gruenrekorder.de\/index.php?rest_route=\/wp\/v2\/pages\/6407\/revisions\/13198"}],"wp:attachment":[{"href":"https:\/\/www.gruenrekorder.de\/index.php?rest_route=%2Fwp%2Fv2%2Fmedia&parent=6407"}],"curies":[{"name":"wp","href":"https:\/\/api.w.org\/{rel}","templated":true}]}}