{"id":7119,"date":"2012-04-14T15:38:42","date_gmt":"2012-04-14T15:38:42","guid":{"rendered":"http:\/\/www.gruenrekorder.de\/?page_id=7119"},"modified":"2012-05-04T09:11:48","modified_gmt":"2012-05-04T09:11:48","slug":"ahmedabad-extasis-by-xabier-erkizia","status":"publish","type":"page","link":"https:\/\/www.gruenrekorder.de\/?page_id=7119","title":{"rendered":"Ahmedabad extasis by Xabier Erkizia"},"content":{"rendered":"<p><img decoding=\"async\" title=\"Somewhere on the edge | Various Artists\" src=\"https:\/\/www.gruenrekorder.de\/gruenrekorder\/1\/somewhere_on_the_edge-gruen_100_pics\/Ahmedabad_extasis_by_Xabier_Erkizia.jpg\" alt=\"Somewhere on the edge | Various Artists\" border=\"1\" \/><\/p>\n<p><strong><br \/>\n<\/strong><\/p>\n<p><strong><strong><strong>Ahmedabad extasis by Xabier Erkizia<\/strong><\/strong><\/strong>\u00a0| 12:37<strong><br \/>\n<\/strong><\/p>\n<p>&nbsp;<\/p>\n<p><a href=\"https:\/\/www.gruenrekorder.de\/gruenrekorder\/1\/somewhere_on_the_edge-gruen_100_mp3\/Ahmedabad_extasis_by_Xabier_Erkizia.mp3\">MP3<\/a><\/p>\n<p>&nbsp;<\/p>\n<p>Recording made in Ahmedabad, India on october 2011. Every evening, at dusk, the same sequence is repeated in the canopy of the garden where we live. Hundreds of birds begin to sing (or as W. Herzog would say, they scream in pain) slowly increasing the intensity of their singing in a loud, long and continuous crescendo. This mass mixes with the intense traffic noise of the city (even masking it)\u00a0 and the calls to prayer coming from dozens of speakers installed on the mosques of Ahmedabad. An unusual human-animal-mechanical sonic composition, that creates an astonishing and ecstatic sonic event, that fortunately the microphones are not able to catch in all its dimension.<\/p>\n<p>&nbsp;<\/p>\n<p>Photo by: Isabel Herguera<\/p>\n<p>&nbsp;<\/p>\n<p>Grabaci\u00f3n realizada en Ahmedabad, India en octubre de 2011. Cada tarde, al anochecer, la misma secuencia se repite en las copas de los arboles del jard\u00edn donde vivimos. Cientos de p\u00e1jaros comienzan a cantar (o como dir\u00eda W. Herzog, a gritar de dolor) aumentando progresivamente la intensidad de su canto en un crescendo fuerte, largo y continuo. Esta masa se mezcla con el ruido del tr\u00e1fico intenso de la ciudad (hasta llegar a enmascararlo) y las llamadas a la oraci\u00f3n procedentes de docenas de altavoces instalados en las mezquitas de Ahmedabad. Una inusual composici\u00f3n sonora humano-animal-mec\u00e1nica que crea un extraordinario y ext\u00e1tico evento sonoro, que afortunadamente los micr\u00f3fonos no son capaces de atrapar en toda su dimensi\u00f3n.<\/p>\n<p>&nbsp;<\/p>\n<p>fotos: Isabel Herguera<\/p>\n<p>&nbsp;<\/p>\n<p>Ahmedabaden, Indian, 2011ko urrian egindako grabaketa. Arratsaldero, ilunabarra hurbiltzerakoan, gertakari bera errepikatzen da bizi garen lorategiko zuhaitzen gainean. Ehunka hegazti abesten hasten dira (edo W. Herzog-ek esango luken moduan, oinazez egiten dute garrasi), pixkanaka-pixkanaka bere kantuaren intentsitatea crescendo luze, ozen eta etengabeko baten bidez gehitzen doan bitartean. Soinuzko masa hau hiriko trafiko astunaren zaratarekin (hura tapatzeraino ere) eta Ahmedabadeko mezkitetako bozgorailuetatik irteten diren otoitzerako deiekin nahasten da. Ezohiko\u00a0 soinu konposizio giza-animali-mekaniko honek estasizko soinu gertaera harrigarria sortzen du, zorionez mikrofonoak bere dimentsio osoan jasotzeko gai ez direnak.<\/p>\n<p>&nbsp;<\/p>\n<p>argazkiak: Isabel Herguera<\/p>\n<p>&nbsp;<\/p>\n<p><a href=\"http:\/\/www.soinumapa.net\/\" target=\"_blank\">www.soinumapa.net<\/a><\/p>\n<p><a href=\"http:\/\/www.audio-lab.org\" target=\"_blank\">www.audio-lab.org<\/a><\/p>\n","protected":false},"excerpt":{"rendered":"<p>Ahmedabad extasis by Xabier Erkizia\u00a0| 12:37 &nbsp; MP3 &nbsp; Recording made in Ahmedabad, India on october 2011. Every evening, at dusk, the same sequence is repeated in the canopy of the garden where we live. Hundreds of birds begin to sing (or as W. Herzog would say, they scream in pain) slowly increasing the intensity [&hellip;]<\/p>\n","protected":false},"author":3,"featured_media":0,"parent":0,"menu_order":0,"comment_status":"closed","ping_status":"open","template":"","meta":{"ngg_post_thumbnail":0,"footnotes":""},"class_list":["post-7119","page","type-page","status-publish","hentry"],"_links":{"self":[{"href":"https:\/\/www.gruenrekorder.de\/index.php?rest_route=\/wp\/v2\/pages\/7119","targetHints":{"allow":["GET"]}}],"collection":[{"href":"https:\/\/www.gruenrekorder.de\/index.php?rest_route=\/wp\/v2\/pages"}],"about":[{"href":"https:\/\/www.gruenrekorder.de\/index.php?rest_route=\/wp\/v2\/types\/page"}],"author":[{"embeddable":true,"href":"https:\/\/www.gruenrekorder.de\/index.php?rest_route=\/wp\/v2\/users\/3"}],"replies":[{"embeddable":true,"href":"https:\/\/www.gruenrekorder.de\/index.php?rest_route=%2Fwp%2Fv2%2Fcomments&post=7119"}],"version-history":[{"count":12,"href":"https:\/\/www.gruenrekorder.de\/index.php?rest_route=\/wp\/v2\/pages\/7119\/revisions"}],"predecessor-version":[{"id":7122,"href":"https:\/\/www.gruenrekorder.de\/index.php?rest_route=\/wp\/v2\/pages\/7119\/revisions\/7122"}],"wp:attachment":[{"href":"https:\/\/www.gruenrekorder.de\/index.php?rest_route=%2Fwp%2Fv2%2Fmedia&parent=7119"}],"curies":[{"name":"wp","href":"https:\/\/api.w.org\/{rel}","templated":true}]}}